{"id":10063,"date":"2021-10-07T14:30:55","date_gmt":"2021-10-07T11:30:55","guid":{"rendered":"https:\/\/www.pernova.ee\/huvikool\/?page_id=10063"},"modified":"2022-03-01T14:28:14","modified_gmt":"2022-03-01T12:28:14","slug":"huviringide-nimekiri","status":"publish","type":"page","link":"https:\/\/www.pernova.ee\/huvikool\/huviringide-nimekiri\/","title":{"rendered":"Huviringid ja treeningud"},"content":{"rendered":"<div class=\"wpb-content-wrapper\"><p>[vc_row][vc_column width=&#8221;1\/4&#8243;][vc_custom_heading text=&#8221;Tehnikamaja&#8221; use_theme_fonts=&#8221;yes&#8221;][vc_column_text]<img decoding=\"async\" class=\" wp-image-10114 alignright\" src=\"https:\/\/www.pernova.ee\/huvikool\/wp-content\/uploads\/2021\/10\/tehnikamaja-ring-1-300x300.png\" alt=\"\" width=\"158\" height=\"158\" \/><span style=\"font-weight: 400;\">Tehnikamajas \u00f5pivad lapsed, kuidas oma k\u00e4tega ehitada masinaid ja roboteid, kasutada puitu, metalli ja tekstiili, lennutada droone, filmida, pildistada ja s\u00fc\u00fca teha. Tehnikamaja huviringid keskenduvad praktilistele tegevustele ja v\u00f5ibolla saab just siit alguse tulevaste inseneride, leiutajate ja tehnoloogide teekond.<\/span><\/p>\n<p><span style=\"font-weight: 400;\">Pernova Tehnikamaja asub P\u00e4rnu linnas Kooli 6b.<\/span>[\/vc_column_text][vc_basic_grid post_type=&#8221;huviringid&#8221; max_items=&#8221;0&#8243; element_width=&#8221;12&#8243; gap=&#8221;10&#8243; orderby=&#8221;title&#8221; item=&#8221;10069&#8243; grid_id=&#8221;vc_gid:1644518627479-0f7df379-b430-8&#8243; taxonomies=&#8221;7&#8243; el_id=&#8221;tehnikamaja-huviringid&#8221;][\/vc_column][vc_column width=&#8221;1\/4&#8243;][vc_custom_heading text=&#8221;Loodusmaja&#8221; use_theme_fonts=&#8221;yes&#8221;][vc_column_text]<img decoding=\"async\" class=\" wp-image-10113 alignright\" src=\"https:\/\/www.pernova.ee\/huvikool\/wp-content\/uploads\/2021\/10\/loodusmaja-ymar-1-300x300.png\" alt=\"\" width=\"152\" height=\"152\" \/><span style=\"font-weight: 400;\">Siin on \u00f5ige koht lapsele, kelle silmad paneb s\u00e4rama k\u00f5ik, mis meie \u00fcmber elab, kasvab ja avastamist ootab.<br \/>\n<\/span><span style=\"font-weight: 400;\">Loodusmaja huviringides saab teada, kuidas toimib Universum, millised taimed ja loomad looduses tegutsevad, kuidas looduses matkata, miks on vaja tunda keemiat jne.<br \/>\n<\/span><span style=\"font-weight: 400;\">Meie maja lapsed k\u00e4ivad \u00f5ppek\u00e4ikudel loodust avastamas ning saavad ise praktiliste t\u00f6\u00f6de ja miniuurimuste kaudu esimesed teaduslikku t\u00f6\u00f6 kogemused.<br \/>\n<\/span><span style=\"font-weight: 400;\">Loodusmaja \u00f5ppekeskkonna muudavad p\u00f5nevaks talveaed, planetaarium, t\u00e4hetorn, akvaariumid ning mitmesugused loodusega seotud \u00f5ppekogud.<\/span><\/p>\n<p><span style=\"font-weight: 400;\">Pernova Loodusmaja asub P\u00e4rnu linnas Tammsaare pst 57.<\/span>[\/vc_column_text][vc_basic_grid post_type=&#8221;huviringid&#8221; max_items=&#8221;0&#8243; element_width=&#8221;12&#8243; gap=&#8221;10&#8243; item=&#8221;10090&#8243; grid_id=&#8221;vc_gid:1644518627481-bb16dc47-fdc4-2&#8243; taxonomies=&#8221;6&#8243; el_id=&#8221;loodusmaja-huviringid&#8221;][\/vc_column][vc_column width=&#8221;1\/4&#8243;][vc_custom_heading text=&#8221;Motomaja&#8221; use_theme_fonts=&#8221;yes&#8221;][vc_column_text]<img decoding=\"async\" class=\" wp-image-10116 alignright\" src=\"https:\/\/www.pernova.ee\/huvikool\/wp-content\/uploads\/2021\/10\/motomaja-ring-300x300.png\" alt=\"\" width=\"145\" height=\"145\" \/><span style=\"font-weight: 400;\">Motomaja on parim koht neile lastele-noortele, kes armastavad mootorim\u00fcrinat, kihutamist ja adrenaliini. Meil saavad rallif\u00e4nnid tegeleda motokrossiga, teha ise n\u00e4pud \u00f5liseks\u00a0 ning \u00f5ppida selgeks turvalise s\u00f5idu p\u00f5him\u00f5tted.<\/span><\/p>\n<p><span style=\"font-weight: 400;\">T\u00e4nu heale koost\u00f6\u00f6le P\u00e4rnu Motoclub-iga saame kasutada \u00fchistreeninguteks k\u00f5iki P\u00e4rnu krossiradasid ja osaleda v\u00f5istlustel.\u00a0<\/span><\/p>\n<p><span style=\"font-weight: 400;\">Pernova Motomaja asub Nurme tee 13, Audru vald.<\/span>[\/vc_column_text][vc_basic_grid post_type=&#8221;huviringid&#8221; max_items=&#8221;0&#8243; element_width=&#8221;12&#8243; gap=&#8221;10&#8243; item=&#8221;10093&#8243; grid_id=&#8221;vc_gid:1644518627482-102125e7-6e91-6&#8243; taxonomies=&#8221;8&#8243; el_id=&#8221;motomaja-huviringid&#8221;][\/vc_column][vc_column width=&#8221;1\/4&#8243;][vc_custom_heading text=&#8221;Skatepark&#8221; use_theme_fonts=&#8221;yes&#8221;][vc_column_text]<img loading=\"lazy\" decoding=\"async\" class=\"alignright wp-image-11012\" src=\"https:\/\/www.pernova.ee\/huvikool\/wp-content\/uploads\/2022\/02\/Skate_logo3-300x300.png\" alt=\"\" width=\"145\" height=\"145\" \/><\/p>\n<p>Skatepark on parim koht neile noortele, kellele meeldib kiirus, t\u00e4psus ja vastupidavus.<\/p>\n<p>Endise Raba ujula asemele rajatud siserulapark sai teoks P\u00e4rnu Kaasava Eelarve Rahvah\u00e4\u00e4letuse konkurssi v\u00f5idule ning t\u00e4nu erinevatele sponsoritele.<\/p>\n<p>Tule ja teosta end!<\/p>\n<p>Pernova Skatepark asub P\u00e4rnu linnas, Turba 5.[\/vc_column_text][vc_basic_grid post_type=&#8221;huviringid&#8221; max_items=&#8221;0&#8243; element_width=&#8221;12&#8243; gap=&#8221;10&#8243; orderby=&#8221;title&#8221; order=&#8221;ASC&#8221; item=&#8221;11024&#8243; grid_id=&#8221;vc_gid:1644518627483-3f657cad-f72b-4&#8243; taxonomies=&#8221;47&#8243; el_id=&#8221;skatepark-ringid&#8221;][\/vc_column][\/vc_row]<\/p>\n<\/div>","protected":false},"excerpt":{"rendered":"<p>[vc_row][vc_column width=&#8221;1\/4&#8243;][vc_custom_heading text=&#8221;Tehnikamaja&#8221; use_theme_fonts=&#8221;yes&#8221;][vc_column_text]Tehnikamajas \u00f5pivad lapsed, kuidas oma k\u00e4tega ehitada masinaid ja roboteid, kasutada puitu, metalli ja tekstiili, lennutada droone, filmida, pildistada ja s\u00fc\u00fca teha. Tehnikamaja huviringid keskenduvad praktilistele tegevustele ja v\u00f5ibolla saab just siit alguse tulevaste inseneride, leiutajate ja tehnoloogide teekond. Pernova Tehnikamaja asub P\u00e4rnu linnas Kooli 6b.[\/vc_column_text][vc_basic_grid post_type=&#8221;huviringid&#8221; max_items=&#8221;0&#8243; element_width=&#8221;12&#8243; gap=&#8221;10&#8243; orderby=&#8221;title&#8221; item=&#8221;10069&#8243; [&hellip;]<\/p>\n","protected":false},"author":1,"featured_media":0,"parent":0,"menu_order":0,"comment_status":"closed","ping_status":"closed","template":"","meta":{"_acf_changed":false,"_exactmetrics_skip_tracking":false,"_exactmetrics_sitenote_active":false,"_exactmetrics_sitenote_note":"","_exactmetrics_sitenote_category":0,"ngg_post_thumbnail":0,"footnotes":""},"class_list":["post-10063","page","type-page","status-publish","hentry"],"acf":false,"_links":{"self":[{"href":"https:\/\/www.pernova.ee\/huvikool\/wp-json\/wp\/v2\/pages\/10063","targetHints":{"allow":["GET"]}}],"collection":[{"href":"https:\/\/www.pernova.ee\/huvikool\/wp-json\/wp\/v2\/pages"}],"about":[{"href":"https:\/\/www.pernova.ee\/huvikool\/wp-json\/wp\/v2\/types\/page"}],"author":[{"embeddable":true,"href":"https:\/\/www.pernova.ee\/huvikool\/wp-json\/wp\/v2\/users\/1"}],"replies":[{"embeddable":true,"href":"https:\/\/www.pernova.ee\/huvikool\/wp-json\/wp\/v2\/comments?post=10063"}],"version-history":[{"count":67,"href":"https:\/\/www.pernova.ee\/huvikool\/wp-json\/wp\/v2\/pages\/10063\/revisions"}],"predecessor-version":[{"id":11121,"href":"https:\/\/www.pernova.ee\/huvikool\/wp-json\/wp\/v2\/pages\/10063\/revisions\/11121"}],"wp:attachment":[{"href":"https:\/\/www.pernova.ee\/huvikool\/wp-json\/wp\/v2\/media?parent=10063"}],"curies":[{"name":"wp","href":"https:\/\/api.w.org\/{rel}","templated":true}]}}