{"id":10255,"date":"2021-11-08T15:29:07","date_gmt":"2021-11-08T13:29:07","guid":{"rendered":"https:\/\/www.pernova.ee\/huvikool\/?page_id=10255"},"modified":"2021-11-08T15:32:30","modified_gmt":"2021-11-08T13:32:30","slug":"tehnikamaja-huviringid","status":"publish","type":"page","link":"https:\/\/www.pernova.ee\/huvikool\/huviringide-nimekiri\/tehnikamaja-huviringid\/","title":{"rendered":"Tehnikamaja huviringid"},"content":{"rendered":"<div class=\"wpb-content-wrapper\"><p>[vc_row][vc_column][vc_column_text]<img decoding=\"async\" class=\" wp-image-10114 alignright\" src=\"https:\/\/www.pernova.ee\/huvikool\/wp-content\/uploads\/2021\/10\/tehnikamaja-ring-1-300x300.png\" alt=\"\" width=\"158\" height=\"158\" \/><span style=\"font-weight: 400;\">Tehnikamajas \u00f5pivad lapsed, kuidas oma k\u00e4tega ehitada masinaid ja roboteid, kasutada puitu, metalli ja tekstiili, lennutada droone, filmida, pildistada ja s\u00fc\u00fca teha. Tehnikamaja huviringid keskenduvad praktilistele tegevustele ja v\u00f5ibolla saab just siit alguse tulevaste inseneride, leiutajate ja tehnoloogide teekond.<\/span><\/p>\n<p><span style=\"font-weight: 400;\">Pernova Tehnikamaja asub P\u00e4rnu linnas Kooli 6b.<\/span>[\/vc_column_text][vc_basic_grid post_type=&#8221;huviringid&#8221; max_items=&#8221;0&#8243; gap=&#8221;10&#8243; item=&#8221;10069&#8243; grid_id=&#8221;vc_gid:1636378340099-305c0cc5-340e-10&#8243; taxonomies=&#8221;7&#8243; el_id=&#8221;tehnikamaja-huviringid&#8221; css=&#8221;.vc_custom_1636378319518{margin-top: 20px !important;}&#8221;][\/vc_column][\/vc_row]<\/p>\n<\/div>","protected":false},"excerpt":{"rendered":"<p>[vc_row][vc_column][vc_column_text]Tehnikamajas \u00f5pivad lapsed, kuidas oma k\u00e4tega ehitada masinaid ja roboteid, kasutada puitu, metalli ja tekstiili, lennutada droone, filmida, pildistada ja s\u00fc\u00fca teha. Tehnikamaja huviringid keskenduvad praktilistele tegevustele ja v\u00f5ibolla saab just siit alguse tulevaste inseneride, leiutajate ja tehnoloogide teekond. Pernova Tehnikamaja asub P\u00e4rnu linnas Kooli 6b.[\/vc_column_text][vc_basic_grid post_type=&#8221;huviringid&#8221; max_items=&#8221;0&#8243; gap=&#8221;10&#8243; item=&#8221;10069&#8243; grid_id=&#8221;vc_gid:1636378340099-305c0cc5-340e-10&#8243; taxonomies=&#8221;7&#8243; el_id=&#8221;tehnikamaja-huviringid&#8221; css=&#8221;.vc_custom_1636378319518{margin-top: 20px [&hellip;]<\/p>\n","protected":false},"author":7,"featured_media":0,"parent":10063,"menu_order":0,"comment_status":"closed","ping_status":"closed","template":"page-FullWidth.php","meta":{"_acf_changed":false,"_exactmetrics_skip_tracking":false,"_exactmetrics_sitenote_active":false,"_exactmetrics_sitenote_note":"","_exactmetrics_sitenote_category":0,"ngg_post_thumbnail":0,"footnotes":""},"class_list":["post-10255","page","type-page","status-publish","hentry"],"acf":false,"_links":{"self":[{"href":"https:\/\/www.pernova.ee\/huvikool\/wp-json\/wp\/v2\/pages\/10255","targetHints":{"allow":["GET"]}}],"collection":[{"href":"https:\/\/www.pernova.ee\/huvikool\/wp-json\/wp\/v2\/pages"}],"about":[{"href":"https:\/\/www.pernova.ee\/huvikool\/wp-json\/wp\/v2\/types\/page"}],"author":[{"embeddable":true,"href":"https:\/\/www.pernova.ee\/huvikool\/wp-json\/wp\/v2\/users\/7"}],"replies":[{"embeddable":true,"href":"https:\/\/www.pernova.ee\/huvikool\/wp-json\/wp\/v2\/comments?post=10255"}],"version-history":[{"count":8,"href":"https:\/\/www.pernova.ee\/huvikool\/wp-json\/wp\/v2\/pages\/10255\/revisions"}],"predecessor-version":[{"id":10264,"href":"https:\/\/www.pernova.ee\/huvikool\/wp-json\/wp\/v2\/pages\/10255\/revisions\/10264"}],"up":[{"embeddable":true,"href":"https:\/\/www.pernova.ee\/huvikool\/wp-json\/wp\/v2\/pages\/10063"}],"wp:attachment":[{"href":"https:\/\/www.pernova.ee\/huvikool\/wp-json\/wp\/v2\/media?parent=10255"}],"curies":[{"name":"wp","href":"https:\/\/api.w.org\/{rel}","templated":true}]}}