{"id":10527,"date":"2021-11-17T09:22:53","date_gmt":"2021-11-17T07:22:53","guid":{"rendered":"https:\/\/www.pernova.ee\/huvikool\/?page_id=10527"},"modified":"2021-11-17T22:44:19","modified_gmt":"2021-11-17T20:44:19","slug":"meist-meedias-2018","status":"publish","type":"page","link":"https:\/\/www.pernova.ee\/huvikool\/meist-meedias-2018\/","title":{"rendered":"Meist meedias 2018"},"content":{"rendered":"<p>* 30. detsember 2018 &#8211; <a href=\"https:\/\/parnu.postimees.ee\/6488064\/galerii-loodusmaja-talvevolumaa-taitus-roomsate-rahvatantsijatega\" target=\"_blank\" rel=\"noopener\">Loodusmaja talvev\u00f5lumaa t\u00e4itus r\u00f5\u00f5msate rahvatantsijatega<\/a><\/p>\n<p>* 09. detsember 2018 &#8211; <a href=\"https:\/\/parnu.postimees.ee\/6473139\/galerii-imelised-talvevalguse-pildid\" target=\"_blank\" rel=\"noopener\">Imelised talvevalguse pildid<\/a><\/p>\n<p>* 03. detsember 2018 &#8211; <a href=\"https:\/\/parnu.postimees.ee\/6468562\/loodusmaja-sarab-naarikuu-lopuni-muinasjutulistes-joulutuledes\" target=\"_blank\" rel=\"noopener\">Loodusmaja s\u00e4rab n\u00e4\u00e4rikuu l\u00f5puni muinasjutulistes j\u00f5ulutuledes<\/a><\/p>\n<p>* 22. november 2018 &#8211; <a href=\"https:\/\/parnu.postimees.ee\/6459625\/parnakad-noppisid-kolm-huvihariduse-tunnustust\" target=\"_blank\" rel=\"noopener\">P\u00e4rnakad noppisid kolm huvihariduse tunnustust<\/a><\/p>\n<p>* 11. november 2018 &#8211; <a href=\"https:\/\/parnu.postimees.ee\/6450794\/galerii-pernova-motomaja-taitus-isadepaeval-suurte-ja-vaikeste-tehnikahuvilistega\" target=\"_blank\" rel=\"noopener\">Pernova motomaja t\u00e4itus isadep\u00e4eval suurte ja v\u00e4ikeste tehnikahuvilistega<\/a><\/p>\n<p>* 13. oktoober 2018 &#8211; <a href=\"https:\/\/parnu.postimees.ee\/6428526\/loodusmaja-vallutab-vaheajal-muuseumide-festival\" target=\"_blank\" rel=\"noopener\">Loodusmaja vallutab vaheajal muuseumide festival<\/a><\/p>\n<p>* 29. september 2018 &#8211; <a href=\"https:\/\/parnu.postimees.ee\/6417115\/galerii-pernovas-rannati-teadlaste-seltsis-ajas-tagasi\" target=\"_blank\" rel=\"noopener\">Pernovas r\u00e4nnati teadlaste seltsis ajas tagasi<\/a><\/p>\n<p>* 27. september 2018 &#8211; <a href=\"https:\/\/parnu.postimees.ee\/6415170\/loodusmaja-tahistab-viiendat-aastapaeva-teadusooga\" target=\"_blank\" rel=\"noopener\">Loodusmaja t\u00e4histab viiendat aastap\u00e4eva teadus\u00f6\u00f6ga<\/a><\/p>\n<p>* 21. september 2018 &#8211; <a href=\"https:\/\/parnu.postimees.ee\/6411214\/pernova-loodusmajas-toimub-algajate-nutiseadmekoolitus\" target=\"_blank\" rel=\"noopener\">Pernova loodusmajas toimub algajate nutiseadmekoolitus<\/a><\/p>\n<p>* 21. september 2018 &#8211; <a href=\"https:\/\/parnu.postimees.ee\/6410595\/rahvusvahelisi-filmitegijaid-tervitasid-parnus-lehmad-ja-abilinnapea\" target=\"_blank\" rel=\"noopener\">Rahvusvahelisi filmitegijaid tervitasid P\u00e4rnus lehmad ja abilinnapea<\/a><\/p>\n<p>* 15. september 2018 &#8211; <a href=\"https:\/\/parnu.postimees.ee\/6406109\/galerii-pernova-loodusmajas-loppes-seenenadal\" target=\"_blank\" rel=\"noopener\">Pernova loodusmajas l\u00f5ppes seenen\u00e4dal<\/a><\/p>\n<p>* 10. september 2018 &#8211; <a href=\"https:\/\/parnu.postimees.ee\/6401745\/puravikuaeg-hakkab-otsa-saama-muude-seente-valik-on-rikkalik\" target=\"_blank\" rel=\"noopener\">Puravikuaeg hakkab otsa saama, muude seente valik on rikkalik<\/a><\/p>\n<p>* 06. september 2018 &#8211; <a href=\"https:\/\/parnu.postimees.ee\/6278212\/ule-eestilised-looduskeskuste-paevad-jouavad-parnu\" target=\"_blank\" rel=\"noopener\">\u00dcle-eestilised looduskeskuste p\u00e4evad j\u00f5uavad P\u00e4rnu<\/a><\/p>\n<p>* 08. august 2018 &#8211; <a href=\"https:\/\/parnu.postimees.ee\/6030679\/katte-jouab-perseiidide-tippaeg\" target=\"_blank\" rel=\"noopener\">K\u00e4tte j\u00f5uab perseiidide tippaeg<\/a><\/p>\n<p>* 26. juuli 2018 &#8211; <a href=\"https:\/\/parnu.postimees.ee\/5911753\/13-tonni-prugi-pani-pernova-tegutsema\" target=\"_blank\" rel=\"noopener\">13 tonni pr\u00fcgi pani Pernova tegutsema<\/a><\/p>\n<p>* 20. juuli 2018 &#8211; <a href=\"https:\/\/parnu.postimees.ee\/5851021\/galerii-pernova-paneb-rannalised-motlema-keskkonnale\" target=\"_blank\" rel=\"noopener\">Pernova paneb rannalised m\u00f5tlema keskkonnale<\/a><\/p>\n<p>* 17. juuli 2018 &#8211; <a href=\"https:\/\/parnu.postimees.ee\/5674500\/lugeja-pildid-vana-parnu-ranna-vallutasid-lepatriinud\" target=\"_blank\" rel=\"noopener\">Vana-P\u00e4rnu ranna vallutasid lepatriinud<\/a><\/p>\n<p>* 08. mai 2018 &#8211; <a href=\"http:\/\/www.kylauudis.ee\/2018\/05\/09\/noored-teadushuvilised-pernova-loodusmajas\/#more-92626\" target=\"_blank\" rel=\"noopener\">Noored teadushuvilised Pernova loodusmajas<\/a><\/p>\n<p>* 30. m\u00e4rts 2018 &#8211; <a href=\"https:\/\/www.err.ee\/693031\/pernova-hariduskeskus-saab-moodsa-360-kraadise-kino\" target=\"_blank\" rel=\"noopener\">Pernova hariduskeskus saab moodsa 360-kraadise kino<\/a><\/p>\n<p>* 24. m\u00e4rts 2018 &#8211; <a href=\"https:\/\/parnu.postimees.ee\/4448899\/kosmoseklubis-muljetavad-paikesevarjutuse-kutid\" target=\"_blank\" rel=\"noopener\">Kosmoseklubis muljetavad p\u00e4ikesevarjutuse k\u00fctid<\/a><\/p>\n<p>* 02. veebruar 2018 &#8211; <a href=\"http:\/\/arileht.delfi.ee\/news\/uudised\/vaata-millised-29-projekti-saavad-easist-19-5-miljonit-eurot?id=80987497\" target=\"_blank\" rel=\"noopener\">Millised 29 projekti saavad EASist toetust<\/a><\/p>\n<p>* 27. jaanuar 2018 &#8211; <a href=\"https:\/\/parnu.postimees.ee\/4389465\/eesti-noorsootoo-keskus-pernova-hariduskeskus-kuulub-noorsootoo-kullavaramusse\" target=\"_blank\" rel=\"noopener\">Pernova hariduskeskus kuulub noorsoot\u00f6\u00f6 kullavaramusse<\/a><\/p>\n<p>* 27. jaanuar 2018 &#8211; <a href=\"https:\/\/parnu.postimees.ee\/4389347\/pernova-hariduskeskus-palvis-tunnustuse\" target=\"_blank\" rel=\"noopener\">Pernova hariduskeskus p\u00e4lvis tunnustuse<\/a><\/p>\n","protected":false},"excerpt":{"rendered":"<p>* 30. detsember 2018 &#8211; Loodusmaja talvev\u00f5lumaa t\u00e4itus r\u00f5\u00f5msate rahvatantsijatega * 09. detsember 2018 &#8211; Imelised talvevalguse pildid * 03. detsember 2018 &#8211; Loodusmaja s\u00e4rab n\u00e4\u00e4rikuu l\u00f5puni muinasjutulistes j\u00f5ulutuledes * 22. november 2018 &#8211; P\u00e4rnakad noppisid kolm huvihariduse tunnustust * 11. november 2018 &#8211; Pernova motomaja t\u00e4itus isadep\u00e4eval suurte ja v\u00e4ikeste tehnikahuvilistega * 13. oktoober [&hellip;]<\/p>\n","protected":false},"author":3,"featured_media":0,"parent":0,"menu_order":0,"comment_status":"closed","ping_status":"closed","template":"","meta":{"_acf_changed":false,"_exactmetrics_skip_tracking":false,"_exactmetrics_sitenote_active":false,"_exactmetrics_sitenote_note":"","_exactmetrics_sitenote_category":0,"ngg_post_thumbnail":0,"footnotes":""},"class_list":["post-10527","page","type-page","status-publish","hentry"],"acf":false,"_links":{"self":[{"href":"https:\/\/www.pernova.ee\/huvikool\/wp-json\/wp\/v2\/pages\/10527","targetHints":{"allow":["GET"]}}],"collection":[{"href":"https:\/\/www.pernova.ee\/huvikool\/wp-json\/wp\/v2\/pages"}],"about":[{"href":"https:\/\/www.pernova.ee\/huvikool\/wp-json\/wp\/v2\/types\/page"}],"author":[{"embeddable":true,"href":"https:\/\/www.pernova.ee\/huvikool\/wp-json\/wp\/v2\/users\/3"}],"replies":[{"embeddable":true,"href":"https:\/\/www.pernova.ee\/huvikool\/wp-json\/wp\/v2\/comments?post=10527"}],"version-history":[{"count":3,"href":"https:\/\/www.pernova.ee\/huvikool\/wp-json\/wp\/v2\/pages\/10527\/revisions"}],"predecessor-version":[{"id":10593,"href":"https:\/\/www.pernova.ee\/huvikool\/wp-json\/wp\/v2\/pages\/10527\/revisions\/10593"}],"wp:attachment":[{"href":"https:\/\/www.pernova.ee\/huvikool\/wp-json\/wp\/v2\/media?parent=10527"}],"curies":[{"name":"wp","href":"https:\/\/api.w.org\/{rel}","templated":true}]}}

<p>* 30. detsember 2018 &#8211; <a href="https://parnu.postimees.ee/6488064/galerii-loodusmaja-talvevolumaa-taitus-roomsate-rahvatantsijatega" target="_blank" rel="noopener">Loodusmaja talvevõlumaa täitus rõõmsate rahvatantsijatega</a></p>
<p>* 09. detsember 2018 &#8211; <a href="https://parnu.postimees.ee/6473139/galerii-imelised-talvevalguse-pildid" target="_blank" rel="noopener">Imelised talvevalguse pildid</a></p>
<p>* 03. detsember 2018 &#8211; <a href="https://parnu.postimees.ee/6468562/loodusmaja-sarab-naarikuu-lopuni-muinasjutulistes-joulutuledes" target="_blank" rel="noopener">Loodusmaja särab näärikuu lõpuni muinasjutulistes jõulutuledes</a></p>
<p>* 22. november 2018 &#8211; <a href="https://parnu.postimees.ee/6459625/parnakad-noppisid-kolm-huvihariduse-tunnustust" target="_blank" rel="noopener">Pärnakad noppisid kolm huvihariduse tunnustust</a></p>
<p>* 11. november 2018 &#8211; <a href="https://parnu.postimees.ee/6450794/galerii-pernova-motomaja-taitus-isadepaeval-suurte-ja-vaikeste-tehnikahuvilistega" target="_blank" rel="noopener">Pernova motomaja täitus isadepäeval suurte ja väikeste tehnikahuvilistega</a></p>
<p>* 13. oktoober 2018 &#8211; <a href="https://parnu.postimees.ee/6428526/loodusmaja-vallutab-vaheajal-muuseumide-festival" target="_blank" rel="noopener">Loodusmaja vallutab vaheajal muuseumide festival</a></p>
<p>* 29. september 2018 &#8211; <a href="https://parnu.postimees.ee/6417115/galerii-pernovas-rannati-teadlaste-seltsis-ajas-tagasi" target="_blank" rel="noopener">Pernovas rännati teadlaste seltsis ajas tagasi</a></p>
<p>* 27. september 2018 &#8211; <a href="https://parnu.postimees.ee/6415170/loodusmaja-tahistab-viiendat-aastapaeva-teadusooga" target="_blank" rel="noopener">Loodusmaja tähistab viiendat aastapäeva teadusööga</a></p>
<p>* 21. september 2018 &#8211; <a href="https://parnu.postimees.ee/6411214/pernova-loodusmajas-toimub-algajate-nutiseadmekoolitus" target="_blank" rel="noopener">Pernova loodusmajas toimub algajate nutiseadmekoolitus</a></p>
<p>* 21. september 2018 &#8211; <a href="https://parnu.postimees.ee/6410595/rahvusvahelisi-filmitegijaid-tervitasid-parnus-lehmad-ja-abilinnapea" target="_blank" rel="noopener">Rahvusvahelisi filmitegijaid tervitasid Pärnus lehmad ja abilinnapea</a></p>
<p>* 15. september 2018 &#8211; <a href="https://parnu.postimees.ee/6406109/galerii-pernova-loodusmajas-loppes-seenenadal" target="_blank" rel="noopener">Pernova loodusmajas lõppes seenenädal</a></p>
<p>* 10. september 2018 &#8211; <a href="https://parnu.postimees.ee/6401745/puravikuaeg-hakkab-otsa-saama-muude-seente-valik-on-rikkalik" target="_blank" rel="noopener">Puravikuaeg hakkab otsa saama, muude seente valik on rikkalik</a></p>
<p>* 06. september 2018 &#8211; <a href="https://parnu.postimees.ee/6278212/ule-eestilised-looduskeskuste-paevad-jouavad-parnu" target="_blank" rel="noopener">Üle-eestilised looduskeskuste päevad jõuavad Pärnu</a></p>
<p>* 08. august 2018 &#8211; <a href="https://parnu.postimees.ee/6030679/katte-jouab-perseiidide-tippaeg" target="_blank" rel="noopener">Kätte jõuab perseiidide tippaeg</a></p>
<p>* 26. juuli 2018 &#8211; <a href="https://parnu.postimees.ee/5911753/13-tonni-prugi-pani-pernova-tegutsema" target="_blank" rel="noopener">13 tonni prügi pani Pernova tegutsema</a></p>
<p>* 20. juuli 2018 &#8211; <a href="https://parnu.postimees.ee/5851021/galerii-pernova-paneb-rannalised-motlema-keskkonnale" target="_blank" rel="noopener">Pernova paneb rannalised mõtlema keskkonnale</a></p>
<p>* 17. juuli 2018 &#8211; <a href="https://parnu.postimees.ee/5674500/lugeja-pildid-vana-parnu-ranna-vallutasid-lepatriinud" target="_blank" rel="noopener">Vana-Pärnu ranna vallutasid lepatriinud</a></p>
<p>* 08. mai 2018 &#8211; <a href="http://www.kylauudis.ee/2018/05/09/noored-teadushuvilised-pernova-loodusmajas/#more-92626" target="_blank" rel="noopener">Noored teadushuvilised Pernova loodusmajas</a></p>
<p>* 30. märts 2018 &#8211; <a href="https://www.err.ee/693031/pernova-hariduskeskus-saab-moodsa-360-kraadise-kino" target="_blank" rel="noopener">Pernova hariduskeskus saab moodsa 360-kraadise kino</a></p>
<p>* 24. märts 2018 &#8211; <a href="https://parnu.postimees.ee/4448899/kosmoseklubis-muljetavad-paikesevarjutuse-kutid" target="_blank" rel="noopener">Kosmoseklubis muljetavad päikesevarjutuse kütid</a></p>
<p>* 02. veebruar 2018 &#8211; <a href="http://arileht.delfi.ee/news/uudised/vaata-millised-29-projekti-saavad-easist-19-5-miljonit-eurot?id=80987497" target="_blank" rel="noopener">Millised 29 projekti saavad EASist toetust</a></p>
<p>* 27. jaanuar 2018 &#8211; <a href="https://parnu.postimees.ee/4389465/eesti-noorsootoo-keskus-pernova-hariduskeskus-kuulub-noorsootoo-kullavaramusse" target="_blank" rel="noopener">Pernova hariduskeskus kuulub noorsootöö kullavaramusse</a></p>
<p>* 27. jaanuar 2018 &#8211; <a href="https://parnu.postimees.ee/4389347/pernova-hariduskeskus-palvis-tunnustuse" target="_blank" rel="noopener">Pernova hariduskeskus pälvis tunnustuse</a></p>

<p>* 30. detsember 2018 &#8211; Loodusmaja talvevõlumaa täitus rõõmsate rahvatantsijatega * 09. detsember 2018 &#8211; Imelised talvevalguse pildid * 03. detsember 2018 &#8211; Loodusmaja särab näärikuu lõpuni muinasjutulistes jõulutuledes * 22. november 2018 &#8211; Pärnakad noppisid kolm huvihariduse tunnustust * 11. november 2018 &#8211; Pernova motomaja täitus isadepäeval suurte ja väikeste tehnikahuvilistega * 13. oktoober [&hellip;]</p>
