{"id":1150,"date":"2017-03-09T21:54:54","date_gmt":"2017-03-09T21:54:54","guid":{"rendered":"http:\/\/www.pernova.ee\/huvi\/?page_id=1150"},"modified":"2017-03-16T10:48:25","modified_gmt":"2017-03-16T10:48:25","slug":"juhtivpersonal","status":"publish","type":"page","link":"https:\/\/www.pernova.ee\/huvikool\/kontaktid\/juhtivpersonal\/","title":{"rendered":"Juhtivpersonal"},"content":{"rendered":"\n<table id=\"tablepress-6\" class=\"tablepress tablepress-id-6 tablepress-responsive\">\n<thead>\n<tr class=\"row-1\">\n\t<th class=\"column-1\">Nimi<\/th><th class=\"column-2\">Amet<\/th><th class=\"column-3\">E-post<\/th>\n<\/tr>\n<\/thead>\n<tbody class=\"row-striping row-hover\">\n<tr class=\"row-2\">\n\t<td class=\"column-1\">Kaire Mertsin<\/td><td class=\"column-2\">direktor<\/td><td class=\"column-3\">kaire.mertsin@pernova.ee<\/td>\n<\/tr>\n<tr class=\"row-3\">\n\t<td class=\"column-1\">Astrid Viik<\/td><td class=\"column-2\">direktori aset\u00e4itja \u00f5ppe- ja kasvatust\u00f6\u00f6 alal<\/td><td class=\"column-3\">astrid.viik@pernova.ee<\/td>\n<\/tr>\n<tr class=\"row-4\">\n\t<td class=\"column-1\">Nade\u017eda Ennok<\/td><td class=\"column-2\">direktori aset\u00e4itja majanduse alal<\/td><td class=\"column-3\">majandus@pernova.ee<\/td>\n<\/tr>\n<tr class=\"row-5\">\n\t<td class=\"column-1\">Andry Kikkull<\/td><td class=\"column-2\">\u00fcldhariduse spetsialist<\/td><td class=\"column-3\">andry.kikkull@pernova.ee<\/td>\n<\/tr>\n<tr class=\"row-6\">\n\t<td class=\"column-1\">Annely Kingo<\/td><td class=\"column-2\">sekret\u00e4r-infojuht<\/td><td class=\"column-3\">info@pernova.ee<\/td>\n<\/tr>\n<tr class=\"row-7\">\n\t<td class=\"column-1\">Heinrich Ervald<\/td><td class=\"column-2\">it-juht<\/td><td class=\"column-3\">it@pernova.ee<\/td>\n<\/tr>\n<tr class=\"row-8\">\n\t<td class=\"column-1\">Kadri Rea<\/td><td class=\"column-2\">programmijuht<\/td><td class=\"column-3\">kadri.rea@pernova.ee<\/td>\n<\/tr>\n<\/tbody>\n<\/table>\n<!-- #tablepress-6 from cache -->\n","protected":false},"excerpt":{"rendered":"NimiAmetE-post Kaire Mertsindirektorkaire.mertsin@pernova.ee Astrid Viikdirektori aset\u00e4itja \u00f5ppe- ja kasvatust\u00f6\u00f6 alalastrid.viik@pernova.ee Nade\u017eda Ennokdirektori aset\u00e4itja majanduse alalmajandus@pernova.ee Andry Kikkull\u00fcldhariduse spetsialistandry.kikkull@pernova.ee Annely Kingosekret\u00e4r-infojuhtinfo@pernova.ee Heinrich Ervaldit-juhtit@pernova.ee Kadri Reaprogrammijuhtkadri.rea@pernova.ee","protected":false},"author":3,"featured_media":0,"parent":835,"menu_order":2,"comment_status":"closed","ping_status":"closed","template":"","meta":{"_acf_changed":false,"_exactmetrics_skip_tracking":false,"_exactmetrics_sitenote_active":false,"_exactmetrics_sitenote_note":"","_exactmetrics_sitenote_category":0,"ngg_post_thumbnail":0,"footnotes":""},"class_list":["post-1150","page","type-page","status-publish","hentry"],"acf":false,"_links":{"self":[{"href":"https:\/\/www.pernova.ee\/huvikool\/wp-json\/wp\/v2\/pages\/1150","targetHints":{"allow":["GET"]}}],"collection":[{"href":"https:\/\/www.pernova.ee\/huvikool\/wp-json\/wp\/v2\/pages"}],"about":[{"href":"https:\/\/www.pernova.ee\/huvikool\/wp-json\/wp\/v2\/types\/page"}],"author":[{"embeddable":true,"href":"https:\/\/www.pernova.ee\/huvikool\/wp-json\/wp\/v2\/users\/3"}],"replies":[{"embeddable":true,"href":"https:\/\/www.pernova.ee\/huvikool\/wp-json\/wp\/v2\/comments?post=1150"}],"version-history":[{"count":3,"href":"https:\/\/www.pernova.ee\/huvikool\/wp-json\/wp\/v2\/pages\/1150\/revisions"}],"predecessor-version":[{"id":1153,"href":"https:\/\/www.pernova.ee\/huvikool\/wp-json\/wp\/v2\/pages\/1150\/revisions\/1153"}],"up":[{"embeddable":true,"href":"https:\/\/www.pernova.ee\/huvikool\/wp-json\/wp\/v2\/pages\/835"}],"wp:attachment":[{"href":"https:\/\/www.pernova.ee\/huvikool\/wp-json\/wp\/v2\/media?parent=1150"}],"curies":[{"name":"wp","href":"https:\/\/api.w.org\/{rel}","templated":true}]}}

<table id="tablepress-6" class="tablepress tablepress-id-6 tablepress-responsive">
<thead>
<tr class="row-1">
	<th class="column-1">Nimi</th><th class="column-2">Amet</th><th class="column-3">E-post</th>
</tr>
</thead>
<tbody class="row-striping row-hover">
<tr class="row-2">
	<td class="column-1">Kaire Mertsin</td><td class="column-2">direktor</td><td class="column-3">kaire.mertsin@pernova.ee</td>
</tr>
<tr class="row-3">
	<td class="column-1">Astrid Viik</td><td class="column-2">direktori asetäitja õppe- ja kasvatustöö alal</td><td class="column-3">astrid.viik@pernova.ee</td>
</tr>
<tr class="row-4">
	<td class="column-1">Nadežda Ennok</td><td class="column-2">direktori asetäitja majanduse alal</td><td class="column-3">majandus@pernova.ee</td>
</tr>
<tr class="row-5">
	<td class="column-1">Andry Kikkull</td><td class="column-2">üldhariduse spetsialist</td><td class="column-3">andry.kikkull@pernova.ee</td>
</tr>
<tr class="row-6">
	<td class="column-1">Annely Kingo</td><td class="column-2">sekretär-infojuht</td><td class="column-3">info@pernova.ee</td>
</tr>
<tr class="row-7">
	<td class="column-1">Heinrich Ervald</td><td class="column-2">it-juht</td><td class="column-3">it@pernova.ee</td>
</tr>
<tr class="row-8">
	<td class="column-1">Kadri Rea</td><td class="column-2">programmijuht</td><td class="column-3">kadri.rea@pernova.ee</td>
</tr>
</tbody>
</table>
<!-- #tablepress-6 from cache -->

NimiAmetE-post Kaire Mertsindirektorkaire.mertsin@pernova.ee Astrid Viikdirektori asetäitja õppe- ja kasvatustöö alalastrid.viik@pernova.ee Nadežda Ennokdirektori asetäitja majanduse alalmajandus@pernova.ee Andry Kikkullüldhariduse spetsialistandry.kikkull@pernova.ee Annely Kingosekretär-infojuhtinfo@pernova.ee Heinrich Ervaldit-juhtit@pernova.ee Kadri Reaprogrammijuhtkadri.rea@pernova.ee
