{"id":13943,"date":"2025-01-30T23:06:36","date_gmt":"2025-01-30T21:06:36","guid":{"rendered":"https:\/\/www.pernova.ee\/huvikool\/?page_id=13943"},"modified":"2025-10-29T22:09:52","modified_gmt":"2025-10-29T20:09:52","slug":"hanked","status":"publish","type":"page","link":"https:\/\/www.pernova.ee\/huvikool\/hanked\/","title":{"rendered":"Hanked"},"content":{"rendered":"<h4>\u201ePernova Tehnikamaja \u00f5ppek\u00f6\u00f6gi m\u00f6\u00f6bli ja tehnika soetamine\u201c<\/h4>\n<p>&nbsp;<\/p>\n<p><strong>Dokumendid:<\/strong><\/p>\n<p><a href=\"https:\/\/www.pernova.ee\/huvikool\/wp-content\/uploads\/2025\/10\/Hankekutse-27.10.2025.pdf\" target=\"_blank\" rel=\"noopener\">* Kutse hankemenetluses osalemiseks<\/a><\/p>\n<p><a href=\"https:\/\/www.pernova.ee\/huvikool\/wp-content\/uploads\/2025\/10\/2025-10-Koogi-hange.zip\" target=\"_blank\" rel=\"noopener\">* Lisad<\/a><\/p>\n","protected":false},"excerpt":{"rendered":"<p>\u201ePernova Tehnikamaja \u00f5ppek\u00f6\u00f6gi m\u00f6\u00f6bli ja tehnika soetamine\u201c &nbsp; Dokumendid: * Kutse hankemenetluses osalemiseks * Lisad<\/p>\n","protected":false},"author":1,"featured_media":0,"parent":0,"menu_order":0,"comment_status":"closed","ping_status":"closed","template":"","meta":{"_acf_changed":false,"_exactmetrics_skip_tracking":false,"_exactmetrics_sitenote_active":false,"_exactmetrics_sitenote_note":"","_exactmetrics_sitenote_category":0,"ngg_post_thumbnail":0,"footnotes":""},"class_list":["post-13943","page","type-page","status-publish","hentry"],"acf":false,"_links":{"self":[{"href":"https:\/\/www.pernova.ee\/huvikool\/wp-json\/wp\/v2\/pages\/13943","targetHints":{"allow":["GET"]}}],"collection":[{"href":"https:\/\/www.pernova.ee\/huvikool\/wp-json\/wp\/v2\/pages"}],"about":[{"href":"https:\/\/www.pernova.ee\/huvikool\/wp-json\/wp\/v2\/types\/page"}],"author":[{"embeddable":true,"href":"https:\/\/www.pernova.ee\/huvikool\/wp-json\/wp\/v2\/users\/1"}],"replies":[{"embeddable":true,"href":"https:\/\/www.pernova.ee\/huvikool\/wp-json\/wp\/v2\/comments?post=13943"}],"version-history":[{"count":4,"href":"https:\/\/www.pernova.ee\/huvikool\/wp-json\/wp\/v2\/pages\/13943\/revisions"}],"predecessor-version":[{"id":14523,"href":"https:\/\/www.pernova.ee\/huvikool\/wp-json\/wp\/v2\/pages\/13943\/revisions\/14523"}],"wp:attachment":[{"href":"https:\/\/www.pernova.ee\/huvikool\/wp-json\/wp\/v2\/media?parent=13943"}],"curies":[{"name":"wp","href":"https:\/\/api.w.org\/{rel}","templated":true}]}}