{"id":351,"date":"2016-01-29T11:05:43","date_gmt":"2016-01-29T11:05:43","guid":{"rendered":"http:\/\/tasku.co\/pern\/?page_id=351"},"modified":"2017-01-11T21:35:48","modified_gmt":"2017-01-11T21:35:48","slug":"parnu-loodus-ja-tehnikamaja-kodukord","status":"publish","type":"page","link":"https:\/\/www.pernova.ee\/huvikool\/oigusaktid\/parnu-loodus-ja-tehnikamaja-kodukord\/","title":{"rendered":"Pernova Hariduskeskuse kodukord"},"content":{"rendered":"<ol>\n<li>P\u00e4rnu Loodus- ja Tehnikamaja \u00f5ppe- ja kasvatuskorralduse p\u00f5hivorm on \u00f5ppetund. \u00d5ppetunnid toimuvad vastavalt tunniplaanile koolis v\u00f5i v\u00e4ljaspool kooli ekskursiooni v\u00f5i \u00f5ppelaagrina.<\/li>\n<li>\u00d5ppet\u00f6\u00f6 n\u00e4dal on viiep\u00e4evane, millest \u00fche r\u00fchma tunnid toimuvad \u00fcks v\u00f5i kaks korda n\u00e4dalas.<\/li>\n<li>Koolimaja uks avatakse kell 8.00 ja suletakse peale \u00f5ppetundide l\u00f5ppu, aga mitte varem kui 17.00 ( v.a p\u00e4evadel kui seadusest tulenevalt v\u00f5i vastavalt direktori k\u00e4skkirjale on m\u00e4\u00e4ratud teisiti).<\/li>\n<li>\u00d5ppet\u00f6\u00f6 algab eri \u00f5pper\u00fchmades eri aegadel, vastavalt tunniplaanile. 5. Kooli kodukorra t\u00e4itmine on kohustuslik k\u00f5igile kooli t\u00f6\u00f6tajatele ja \u00f5pilastele.<\/li>\n<\/ol>\n<p><strong>K\u00e4itumine koolis<\/strong><\/p>\n<ol>\n<li>\u00d5petaja alustab ja l\u00f5petab tunni<\/li>\n<li>\u00d5pilane viibib \u00f5ppetunni ajal \u00f5ppetunnis ning osaleb aktiivselt \u00f5ppet\u00f6\u00f6s.<\/li>\n<li>K\u00f5ik \u00f5petajad, \u00f5pilased ja kooli t\u00f6\u00f6tajad austavad k\u00f5igi \u00f5pilaste \u00f5igust \u00f5ppida. Vastastikune suhtlemine on lugupidav.<\/li>\n<li>Probleemide esmane lahendaja on aine\u00f5petaja, probleemid lahendatakse v\u00e4ljaspool \u00f5ppetunni aega, vajadusel p\u00f6\u00f6rdutakse direktsiooni poole.<\/li>\n<li>Iga \u00f5pilane ja kooli t\u00f6\u00f6taja kannab hoolt puhtuse ning korra eest k\u00f5igis kooli ruumides.<\/li>\n<li>Kooli territooriumil ei suitsetata, ei tarbita alkoholi ega ps\u00fchhotroopseid aineid.<\/li>\n<\/ol>\n<p><strong>Hindamine<\/strong><\/p>\n<ol>\n<li>\u00d5pilaste hindamine on kehtestatud P\u00e4rnu Loodus- ja Tehnikamaja \u00f5ppekorralduseeskirjas.<\/li>\n<li>R\u00fchmajuht tutvustab \u00f5pilastele kehtivat hindamise korda \u00f5ppeaasta esimeses tunnis.<\/li>\n<li>Vastava \u00f5ppeaine n\u00f5utavad teadmised ja oskused, nende hindamise aja ja vormi ning hindamise kriteeriumid teeb iga mooduli algul \u00f5pilastele teatavaks aine\u00f5petaja.<\/li>\n<li>\u00d5pilasel ja tema seaduslikul esindajal on \u00f5igus saada teavet \u00f5pilase \u00f5ppet\u00f6\u00f6 edukuse kohta r\u00fchmajuhilt ja aine\u00f5petajalt.<\/li>\n<\/ol>\n<p><strong>Koolist puudumine<br \/>\n<\/strong><\/p>\n<ol>\n<li>Turvalisuse huvides peetakse koolis arvestust koolihoones viibivate inimeste kohta, kuna kool tagab \u00f5pilase koolis viibimise ajal tema tervise kaitse. Kui kooli t\u00f6\u00f6taja v\u00f5i \u00f5pilane lahkub koolist \u00f5ppep\u00e4eva jooksul, teavitab ta sellest vastavalt direktsiooni v\u00f5i aine\u00f5petajat.<\/li>\n<li>Lapsevanem teavitab kooli, kui \u00f5pilane ei osale ajutiselt \u00f5ppet\u00f6\u00f6s v\u00f5i soovib \u00f5pingud l\u00f5petada.<\/li>\n<li>\u00d5pilaste puudumised fikseerib aine\u00f5petaja ringip\u00e4evikus.<\/li>\n<\/ol>\n<p><strong>Kooli vara<\/strong><\/p>\n<ol>\n<li>K\u00f5ik \u00f5pilased ja kooli t\u00f6\u00f6tajad kannavad vastutust kooli vahenditest soetatud ja nende kasutusse antud vara (k.a. seinad, m\u00f6\u00f6bel) otstarbekohase kasutamise eest.<\/li>\n<li>Kooli \u00f5pikud, raamatud ja muud tema kasutusse antud \u00f5ppevahendid tagastab \u00f5pilane \u00f5ppeaasta l\u00f5ppedes v\u00f5i koolist lahkumisel.<\/li>\n<li>Kooli vara tahtliku rikkumise korral korvab s\u00fc\u00fcdlane (\u00f5pilasel lapsevanem) tekitatud kahju<\/li>\n<\/ol>\n<p>Kooli kodukorra t\u00e4itmine on kohustuslik k\u00f5ikidele kooli t\u00f6\u00f6tajatele ja \u00f5pilastele.<\/p>\n<p>L\u00c4BI ARUTATUD JA KINNITATUD P\u00e4rnu Loodus- ja Tehnikamaja \u00f5ppen\u00f5ukogus<\/p>\n","protected":false},"excerpt":{"rendered":"<p>P\u00e4rnu Loodus- ja Tehnikamaja \u00f5ppe- ja kasvatuskorralduse p\u00f5hivorm on \u00f5ppetund. \u00d5ppetunnid toimuvad vastavalt tunniplaanile koolis v\u00f5i v\u00e4ljaspool kooli ekskursiooni v\u00f5i \u00f5ppelaagrina. \u00d5ppet\u00f6\u00f6 n\u00e4dal on viiep\u00e4evane, millest \u00fche r\u00fchma tunnid toimuvad \u00fcks v\u00f5i kaks korda n\u00e4dalas. Koolimaja uks avatakse kell 8.00 ja suletakse peale \u00f5ppetundide l\u00f5ppu, aga mitte varem kui 17.00 ( v.a p\u00e4evadel kui seadusest [&hellip;]<\/p>\n","protected":false},"author":1,"featured_media":0,"parent":348,"menu_order":0,"comment_status":"closed","ping_status":"closed","template":"","meta":{"_acf_changed":false,"_exactmetrics_skip_tracking":false,"_exactmetrics_sitenote_active":false,"_exactmetrics_sitenote_note":"","_exactmetrics_sitenote_category":0,"ngg_post_thumbnail":0,"footnotes":""},"class_list":["post-351","page","type-page","status-publish","hentry"],"acf":false,"_links":{"self":[{"href":"https:\/\/www.pernova.ee\/huvikool\/wp-json\/wp\/v2\/pages\/351","targetHints":{"allow":["GET"]}}],"collection":[{"href":"https:\/\/www.pernova.ee\/huvikool\/wp-json\/wp\/v2\/pages"}],"about":[{"href":"https:\/\/www.pernova.ee\/huvikool\/wp-json\/wp\/v2\/types\/page"}],"author":[{"embeddable":true,"href":"https:\/\/www.pernova.ee\/huvikool\/wp-json\/wp\/v2\/users\/1"}],"replies":[{"embeddable":true,"href":"https:\/\/www.pernova.ee\/huvikool\/wp-json\/wp\/v2\/comments?post=351"}],"version-history":[{"count":2,"href":"https:\/\/www.pernova.ee\/huvikool\/wp-json\/wp\/v2\/pages\/351\/revisions"}],"predecessor-version":[{"id":814,"href":"https:\/\/www.pernova.ee\/huvikool\/wp-json\/wp\/v2\/pages\/351\/revisions\/814"}],"up":[{"embeddable":true,"href":"https:\/\/www.pernova.ee\/huvikool\/wp-json\/wp\/v2\/pages\/348"}],"wp:attachment":[{"href":"https:\/\/www.pernova.ee\/huvikool\/wp-json\/wp\/v2\/media?parent=351"}],"curies":[{"name":"wp","href":"https:\/\/api.w.org\/{rel}","templated":true}]}}