{"id":830,"date":"2017-01-11T22:29:13","date_gmt":"2017-01-11T22:29:13","guid":{"rendered":"http:\/\/www.pernova.ee\/huvi\/?page_id=830"},"modified":"2024-06-04T13:15:04","modified_gmt":"2024-06-04T10:15:04","slug":"dokumendid","status":"publish","type":"page","link":"https:\/\/www.pernova.ee\/huvikool\/dokumendid\/","title":{"rendered":"Dokumendid"},"content":{"rendered":"<p><strong>Pernova Hariduskeskuse:<\/strong><\/p>\n<ul>\n<li><a class=\"external-link-new-window\" title=\"Opens internal link in current window\" href=\"https:\/\/www.riigiteataja.ee\/akt\/420112013003?leiaKehtiv\" target=\"_blank\" rel=\"noopener\">P\u00f5him\u00e4\u00e4rus<\/a><\/li>\n<li><a href=\"http:\/\/www.pernova.ee\/huvikool\/wp-content\/uploads\/2019\/05\/Kodukord-29.03.2019.pdf\" target=\"_blank\" rel=\"noopener\">Kodukord<\/a><\/li>\n<li><a href=\"https:\/\/www.pernova.ee\/huvikool\/wp-content\/uploads\/2023\/04\/Pernova-Hariduskeskuse-isikuandmete-tootlemine-ja-kaitse.pdf\" target=\"_blank\" rel=\"noopener\">Isikuandmete t\u00f6\u00f6tlemine ja kaitse<\/a><\/li>\n<li><a href=\"https:\/\/www.pernova.ee\/huvikool\/wp-content\/uploads\/2023\/04\/Pernova-Hariduskeskuse-videojalgimisseadmete-kasutamise-kord.pdf\" target=\"_blank\" rel=\"noopener\">Videoj\u00e4lgimisseadmete kasutamise kord<\/a><\/li>\n<li><a href=\"https:\/\/www.pernova.ee\/huvikool\/wp-content\/uploads\/2024\/06\/Hankekord-31.05.2024.pdf\" target=\"_blank\" rel=\"noopener\">Hankekord<\/a><\/li>\n<li><a href=\"https:\/\/edok.parnu.ee\/public\/index.aspx?hdr=hp&amp;o=924&amp;tbs=all&amp;o2=143889\" target=\"_blank\" rel=\"noopener\">Dokumendiregister<\/a><\/li>\n<li><a class=\"external-link-new-window\" title=\"Opens internal link in current window\" href=\"https:\/\/enda.ehis.ee\/avalik\/avalik\/oppekava\/OppekavaOtsi.faces\" target=\"_blank\" rel=\"noopener\">Ringide \u00f5ppekavad infos\u00fcsteemis EHIS<\/a><\/li>\n<\/ul>\n<p><strong>Seadused:<\/strong><\/p>\n<ul>\n<li><a class=\"external-link-new-window\" title=\"Opens internal link in current window\" href=\"https:\/\/www.riigiteataja.ee\/akt\/13339594?leiaKehtiv\" target=\"_blank\" rel=\"noopener\">Huvikooli seadus<\/a><\/li>\n<li><a class=\"external-link-new-window\" title=\"Opens internal link in current window\" href=\"https:\/\/edok.parnu.ee\/public\/index.aspx?o=924&amp;o2=-1&amp;u=null&amp;hdr=hp&amp;dschex=1&amp;sbr=all&amp;tbs=all&amp;dt=&amp;sbrq=Huvikooli%20vastuv%C3%B5tmise%2C%20huvikoolist%20v%C3%A4ljaarvamise&amp;itm=290896&amp;clr=history&amp;pageSize=20&amp;page=1\" target=\"_blank\" rel=\"noopener\">Huvikooli vastuv\u00f5tmise, huvikoolist v\u00e4ljaarvamise ja huvikooli l\u00f5petamise tingimused ja kord<\/a>&nbsp;(P\u00e4rnu Linnavalituse m\u00e4\u00e4rus)<\/li>\n<li><a class=\"external-link-new-window\" title=\"Opens internal link in current window\" href=\"https:\/\/edok.parnu.ee\/public\/index.aspx?o=924&amp;o2=-1&amp;u=null&amp;hdr=hp&amp;dschex=1&amp;sbr=all&amp;tbs=all&amp;dt=&amp;sbrq=Huvikoolide%20p%C3%B5hitegevusega%20seotud%20tasuliste%20teenuste&amp;itm=833747&amp;clr=history&amp;pageSize=20&amp;page=1\" target=\"_blank\" rel=\"noopener\">Huvikoolide p\u00f5hitegevusega seotud tasuliste teenuste tasum\u00e4\u00e4rade ja \u00f5ppetasude maksmise soodustuse kinnitamine<\/a> (P\u00e4rnu Linnavalitsuse korraldus)<\/li>\n<li><a class=\"external-link-new-window\" title=\"Opens internal link in current window\" href=\"https:\/\/edok.parnu.ee\/public\/index.aspx?o=924&amp;o2=-1&amp;u=null&amp;hdr=hp&amp;dschex=1&amp;sbr=all&amp;tbs=all&amp;dt=&amp;sbrq=Huvikoolide%20%C3%B5ppekavav%C3%A4lise%20tegevusega%20seotud%20tasuliste%20teenuste%20hinnakirja%20kinnitamine&amp;itm=235301&amp;clr=history&amp;pageSize=20&amp;page=1\" target=\"_blank\" rel=\"noopener\">Huvikoolide \u00f5ppekavav\u00e4lise tegevusega seotud tasuliste teenuste hinnakirja kinnitamine<\/a>&nbsp;(P\u00e4rnu Linnavalitsuse korraldus)<\/li>\n<\/ul>\n","protected":false},"excerpt":{"rendered":"<p>Pernova Hariduskeskuse: P\u00f5him\u00e4\u00e4rus Kodukord Isikuandmete t\u00f6\u00f6tlemine ja kaitse Videoj\u00e4lgimisseadmete kasutamise kord Hankekord Dokumendiregister Ringide \u00f5ppekavad infos\u00fcsteemis EHIS Seadused: Huvikooli seadus Huvikooli vastuv\u00f5tmise, huvikoolist v\u00e4ljaarvamise ja huvikooli l\u00f5petamise tingimused ja kord&nbsp;(P\u00e4rnu Linnavalituse m\u00e4\u00e4rus) Huvikoolide p\u00f5hitegevusega seotud tasuliste teenuste tasum\u00e4\u00e4rade ja \u00f5ppetasude maksmise soodustuse kinnitamine (P\u00e4rnu Linnavalitsuse korraldus) Huvikoolide \u00f5ppekavav\u00e4lise tegevusega seotud tasuliste teenuste hinnakirja kinnitamine&nbsp;(P\u00e4rnu Linnavalitsuse [&hellip;]<\/p>\n","protected":false},"author":3,"featured_media":0,"parent":0,"menu_order":0,"comment_status":"closed","ping_status":"closed","template":"","meta":{"_acf_changed":false,"_exactmetrics_skip_tracking":false,"_exactmetrics_sitenote_active":false,"_exactmetrics_sitenote_note":"","_exactmetrics_sitenote_category":0,"ngg_post_thumbnail":0,"footnotes":""},"class_list":["post-830","page","type-page","status-publish","hentry"],"acf":false,"_links":{"self":[{"href":"https:\/\/www.pernova.ee\/huvikool\/wp-json\/wp\/v2\/pages\/830","targetHints":{"allow":["GET"]}}],"collection":[{"href":"https:\/\/www.pernova.ee\/huvikool\/wp-json\/wp\/v2\/pages"}],"about":[{"href":"https:\/\/www.pernova.ee\/huvikool\/wp-json\/wp\/v2\/types\/page"}],"author":[{"embeddable":true,"href":"https:\/\/www.pernova.ee\/huvikool\/wp-json\/wp\/v2\/users\/3"}],"replies":[{"embeddable":true,"href":"https:\/\/www.pernova.ee\/huvikool\/wp-json\/wp\/v2\/comments?post=830"}],"version-history":[{"count":13,"href":"https:\/\/www.pernova.ee\/huvikool\/wp-json\/wp\/v2\/pages\/830\/revisions"}],"predecessor-version":[{"id":13685,"href":"https:\/\/www.pernova.ee\/huvikool\/wp-json\/wp\/v2\/pages\/830\/revisions\/13685"}],"wp:attachment":[{"href":"https:\/\/www.pernova.ee\/huvikool\/wp-json\/wp\/v2\/media?parent=830"}],"curies":[{"name":"wp","href":"https:\/\/api.w.org\/{rel}","templated":true}]}}