{"id":9031,"date":"2020-06-07T22:45:45","date_gmt":"2020-06-07T20:45:45","guid":{"rendered":"http:\/\/www.pernova.ee\/huvi\/?page_id=9031"},"modified":"2020-08-26T17:36:19","modified_gmt":"2020-08-26T15:36:19","slug":"suvelaager-hiiumaal-11-13-08-2020","status":"publish","type":"page","link":"https:\/\/www.pernova.ee\/huvikool\/suvelaager-hiiumaal-11-13-08-2020\/","title":{"rendered":"Suvelaager Hiiumaal  11-13.08.2020"},"content":{"rendered":"<h4><strong>Suvelaager \u201eHiiumaa \u2013 L\u00e4\u00e4nemere p\u00e4rl vol 2\u201c<\/strong><\/h4>\n<p><strong>T\u00f6\u00f6vihik on&nbsp;<a href=\"http:\/\/www.pernova.ee\/huvi\/wp-content\/uploads\/2020\/08\/HIIUMAA_TV_2020.pdf\" target=\"_blank\" rel=\"noopener\">siin.<\/a>&nbsp;Pilte saab vaadata&nbsp;<a href=\"https:\/\/flic.kr\/s\/aHsmQfqcnk\" target=\"_blank\" rel=\"noopener\">siin<\/a>.<\/strong><\/p>\n<p>Pernova Hariduskeskus kutsub k\u00f5iki 7-15 aastaseid loodus- ja teadmishuvilisi lapsi 11.-13. augustil suvelaagrisse Hiiumaa vol 2.<\/p>\n<p><img fetchpriority=\"high\" decoding=\"async\" class=\"aligncenter wp-image-9032\" src=\"http:\/\/www.pernova.ee\/huvi\/wp-content\/uploads\/2020\/06\/12-14.06.2018-\u2013-Suvelaager-Hiiumaal_1-300x200.jpg\" alt=\"\" width=\"752\" height=\"502\"><\/p>\n<p style=\"text-align: center;\"><a href=\"https:\/\/www.flickr.com\/photos\/pernova\/albums\/72157692145595200\" target=\"_blank\" rel=\"noopener\"><em>12-14.06.2018 \u2013 Suvelaager Hiiumaal<\/em><\/a><\/p>\n<p>Sellest kui vahva see k\u00f5ik oli saab lugeda <a href=\"https:\/\/www.pernova.ee\/huvi\/blog\/suvelaager-hiiumaal-12-14-06-2018\/\" target=\"_blank\" rel=\"noopener\"><strong>siin.<\/strong><\/a><\/p>\n<p><strong>LAAGRI EESM\u00c4RK<\/strong><br \/>\nOn tutvuda Hiiumaa maap\u00f5ue erip\u00e4radega, minevikus toimunud geoloogiliste protsessidega ehk kuidas tekkis Hiiumaa. Uurime looduse elurikkust, maavarasid, kivistis ja palju muud. Lapsed \u00f5pivad ja kinnistavad loodusteadmisi praktikumides ja ise kogedes.&nbsp;<\/p>\n<p><strong>TEGEVUSED <\/strong><br \/>\nK\u00f5ik tegevused on \u00f5pilastele eakohased ja p\u00f5nevad. Tegevusi jagub nii v\u00e4ikestele kui suurtele! Laagris me uurime, vaatleme, kogume, matkame, teeme erinevaid k\u00e4elisi tegevusi ja m\u00e4ngime.<\/p>\n<ul>\n<li>Uurime Hiiumaa loodust matkates ja m\u00e4ngides.&nbsp;<\/li>\n<li>R\u00e4\u00e4gime Hiiumaa loodusest koos Palade Looduskeskuse \u00f5petajatega.<\/li>\n<li>Uurime kivimeid ja kivistis, loodusmaastike &#8211; &nbsp;mis on just Hiiumaale omased teeme ise kogusid.<\/li>\n<li>Teeme viktoriine, fotomatka ja palju muud l\u00f5busat.<\/li>\n<\/ul>\n<p><strong>TRANSPORT<\/strong><br \/>\nLaagrisse s\u00f5idame bussiga, mis viib meid otse laagripaika. V\u00e4ljas\u00f5it P\u00e4rnust Loodusmaja parklast (A. H. Tammsaare pst 57) 11. augustil, kell 8.00 ja saabumine P\u00e4rnusse 13. augustil, umb. kell 20.00.<\/p>\n<p><strong>REGISTREERUMINE<\/strong><br \/>\nKoha kindlustab registreerumine antud lingil &#8211; <a href=\"https:\/\/forms.gle\/S5ZNj4MxAZQJAGoc6\">https:\/\/forms.gle\/S5ZNj4MxAZQJAGoc6<\/a><br \/>\n<strong>NB! Kiirusta, sest KOHTADE ARV ON PIIRATUD!<\/strong><\/p>\n<p><strong>LISAINFO<\/strong><br \/>\nLaagri p\u00e4evakava, men\u00fc\u00fc, transport &#8211; loe <a href=\"http:\/\/www.pernova.ee\/huvi\/wp-content\/uploads\/2020\/06\/Hiiumaa-Laagri-p\u00e4evakava.pdf\" target=\"_blank\" rel=\"noopener\"><strong>siit.<\/strong><\/a><br \/>\nMida kaasa v\u00f5tta saab &#8211; vaata <a href=\"http:\/\/www.pernova.ee\/huvi\/wp-content\/uploads\/2020\/06\/Hiiumaa-Mida-kaasa-v\u00f5tta.pdf\" target=\"_blank\" rel=\"noopener\"><strong>siit.<\/strong><\/a><br \/>\nKodukord &#8211; loe <a href=\"http:\/\/www.pernova.ee\/huvi\/wp-content\/uploads\/2020\/06\/Hiiumaa-Kodukord.pdf\" target=\"_blank\" rel=\"noopener\"><strong>siit.<\/strong><\/a><br \/>\nKui on veel k\u00fcsimusi, siis kirjuta ja k\u00fcsi julgelt <a href=\"mailto:laager@pernova.ee\"><strong>laager@pernova.ee<\/strong><\/a><\/p>\n<p><iframe src=\"https:\/\/www.youtube.com\/embed\/NysSpVjQPhU\" allowfullscreen=\"allowfullscreen\" width=\"560\" height=\"315\" frameborder=\"0\"><\/iframe><br \/>\n&nbsp;<\/p>\n","protected":false},"excerpt":{"rendered":"<p>Suvelaager \u201eHiiumaa \u2013 L\u00e4\u00e4nemere p\u00e4rl vol 2\u201c T\u00f6\u00f6vihik on&nbsp;siin.&nbsp;Pilte saab vaadata&nbsp;siin. Pernova Hariduskeskus kutsub k\u00f5iki 7-15 aastaseid loodus- ja teadmishuvilisi lapsi 11.-13. augustil suvelaagrisse Hiiumaa vol 2. 12-14.06.2018 \u2013 Suvelaager Hiiumaal Sellest kui vahva see k\u00f5ik oli saab lugeda siin. LAAGRI EESM\u00c4RK On tutvuda Hiiumaa maap\u00f5ue erip\u00e4radega, minevikus toimunud geoloogiliste protsessidega ehk kuidas tekkis Hiiumaa. [&hellip;]<\/p>\n","protected":false},"author":1,"featured_media":9037,"parent":0,"menu_order":0,"comment_status":"closed","ping_status":"closed","template":"","meta":{"_acf_changed":false,"_exactmetrics_skip_tracking":false,"_exactmetrics_sitenote_active":false,"_exactmetrics_sitenote_note":"","_exactmetrics_sitenote_category":0,"ngg_post_thumbnail":0,"footnotes":""},"class_list":["post-9031","page","type-page","status-publish","has-post-thumbnail","hentry"],"acf":false,"_links":{"self":[{"href":"https:\/\/www.pernova.ee\/huvikool\/wp-json\/wp\/v2\/pages\/9031","targetHints":{"allow":["GET"]}}],"collection":[{"href":"https:\/\/www.pernova.ee\/huvikool\/wp-json\/wp\/v2\/pages"}],"about":[{"href":"https:\/\/www.pernova.ee\/huvikool\/wp-json\/wp\/v2\/types\/page"}],"author":[{"embeddable":true,"href":"https:\/\/www.pernova.ee\/huvikool\/wp-json\/wp\/v2\/users\/1"}],"replies":[{"embeddable":true,"href":"https:\/\/www.pernova.ee\/huvikool\/wp-json\/wp\/v2\/comments?post=9031"}],"version-history":[{"count":14,"href":"https:\/\/www.pernova.ee\/huvikool\/wp-json\/wp\/v2\/pages\/9031\/revisions"}],"predecessor-version":[{"id":9388,"href":"https:\/\/www.pernova.ee\/huvikool\/wp-json\/wp\/v2\/pages\/9031\/revisions\/9388"}],"wp:featuredmedia":[{"embeddable":true,"href":"https:\/\/www.pernova.ee\/huvikool\/wp-json\/wp\/v2\/media\/9037"}],"wp:attachment":[{"href":"https:\/\/www.pernova.ee\/huvikool\/wp-json\/wp\/v2\/media?parent=9031"}],"curies":[{"name":"wp","href":"https:\/\/api.w.org\/{rel}","templated":true}]}}

<h4><strong>Suvelaager „Hiiumaa – Läänemere pärl vol 2“</strong></h4>
<p><strong>Töövihik on&nbsp;<a href="http://www.pernova.ee/huvi/wp-content/uploads/2020/08/HIIUMAA_TV_2020.pdf" target="_blank" rel="noopener">siin.</a>&nbsp;Pilte saab vaadata&nbsp;<a href="https://flic.kr/s/aHsmQfqcnk" target="_blank" rel="noopener">siin</a>.</strong></p>
<p>Pernova Hariduskeskus kutsub kõiki 7-15 aastaseid loodus- ja teadmishuvilisi lapsi 11.-13. augustil suvelaagrisse Hiiumaa vol 2.</p>
<p><img fetchpriority="high" decoding="async" class="aligncenter wp-image-9032" src="http://www.pernova.ee/huvi/wp-content/uploads/2020/06/12-14.06.2018-–-Suvelaager-Hiiumaal_1-300x200.jpg" alt="" width="752" height="502"></p>
<p style="text-align: center;"><a href="https://www.flickr.com/photos/pernova/albums/72157692145595200" target="_blank" rel="noopener"><em>12-14.06.2018 – Suvelaager Hiiumaal</em></a></p>
<p>Sellest kui vahva see kõik oli saab lugeda <a href="https://www.pernova.ee/huvi/blog/suvelaager-hiiumaal-12-14-06-2018/" target="_blank" rel="noopener"><strong>siin.</strong></a></p>
<p><strong>LAAGRI EESMÄRK</strong><br />
On tutvuda Hiiumaa maapõue eripäradega, minevikus toimunud geoloogiliste protsessidega ehk kuidas tekkis Hiiumaa. Uurime looduse elurikkust, maavarasid, kivistis ja palju muud. Lapsed õpivad ja kinnistavad loodusteadmisi praktikumides ja ise kogedes.&nbsp;</p>
<p><strong>TEGEVUSED </strong><br />
Kõik tegevused on õpilastele eakohased ja põnevad. Tegevusi jagub nii väikestele kui suurtele! Laagris me uurime, vaatleme, kogume, matkame, teeme erinevaid käelisi tegevusi ja mängime.</p>
<ul>
<li>Uurime Hiiumaa loodust matkates ja mängides.&nbsp;</li>
<li>Räägime Hiiumaa loodusest koos Palade Looduskeskuse õpetajatega.</li>
<li>Uurime kivimeid ja kivistis, loodusmaastike &#8211; &nbsp;mis on just Hiiumaale omased teeme ise kogusid.</li>
<li>Teeme viktoriine, fotomatka ja palju muud lõbusat.</li>
</ul>
<p><strong>TRANSPORT</strong><br />
Laagrisse sõidame bussiga, mis viib meid otse laagripaika. Väljasõit Pärnust Loodusmaja parklast (A. H. Tammsaare pst 57) 11. augustil, kell 8.00 ja saabumine Pärnusse 13. augustil, umb. kell 20.00.</p>
<p><strong>REGISTREERUMINE</strong><br />
Koha kindlustab registreerumine antud lingil &#8211; <a href="https://forms.gle/S5ZNj4MxAZQJAGoc6">https://forms.gle/S5ZNj4MxAZQJAGoc6</a><br />
<strong>NB! Kiirusta, sest KOHTADE ARV ON PIIRATUD!</strong></p>
<p><strong>LISAINFO</strong><br />
Laagri päevakava, menüü, transport &#8211; loe <a href="http://www.pernova.ee/huvi/wp-content/uploads/2020/06/Hiiumaa-Laagri-päevakava.pdf" target="_blank" rel="noopener"><strong>siit.</strong></a><br />
Mida kaasa võtta saab &#8211; vaata <a href="http://www.pernova.ee/huvi/wp-content/uploads/2020/06/Hiiumaa-Mida-kaasa-võtta.pdf" target="_blank" rel="noopener"><strong>siit.</strong></a><br />
Kodukord &#8211; loe <a href="http://www.pernova.ee/huvi/wp-content/uploads/2020/06/Hiiumaa-Kodukord.pdf" target="_blank" rel="noopener"><strong>siit.</strong></a><br />
Kui on veel küsimusi, siis kirjuta ja küsi julgelt <a href="mailto:laager@pernova.ee"><strong>laager@pernova.ee</strong></a></p>
<p><iframe src="https://www.youtube.com/embed/NysSpVjQPhU" allowfullscreen="allowfullscreen" width="560" height="315" frameborder="0"></iframe><br />
&nbsp;</p>

<p>Suvelaager „Hiiumaa – Läänemere pärl vol 2“ Töövihik on&nbsp;siin.&nbsp;Pilte saab vaadata&nbsp;siin. Pernova Hariduskeskus kutsub kõiki 7-15 aastaseid loodus- ja teadmishuvilisi lapsi 11.-13. augustil suvelaagrisse Hiiumaa vol 2. 12-14.06.2018 – Suvelaager Hiiumaal Sellest kui vahva see kõik oli saab lugeda siin. LAAGRI EESMÄRK On tutvuda Hiiumaa maapõue eripäradega, minevikus toimunud geoloogiliste protsessidega ehk kuidas tekkis Hiiumaa. [&hellip;]</p>
