{"id":2482,"date":"2020-05-19T10:00:21","date_gmt":"2020-05-19T07:00:21","guid":{"rendered":"https:\/\/www.pernova.ee\/loodusmaja\/?page_id=2482"},"modified":"2026-03-19T15:12:21","modified_gmt":"2026-03-19T13:12:21","slug":"kulalisnaitus","status":"publish","type":"page","link":"https:\/\/www.pernova.ee\/loodusmaja\/kulalisnaitus\/","title":{"rendered":"K\u00fclalisn\u00e4itus"},"content":{"rendered":"<div class=\"wpb-content-wrapper\"><p>[vc_row][vc_column][vc_column_text css=&#8221;&#8221;]<\/p>\n<h4>Kliiman\u00e4itus \u201eK\u00e4ega katsutav kliima. Mis meist saab?\u201c&nbsp;<\/h4>\n<p>N\u00e4itus r\u00e4\u00e4gib kliimamuutuste m\u00f5just inimeste igap\u00e4evaelule ja meie keskkonnale ning n\u00e4itab, millised looduslikud protsessid ja inimtegevus on pannud kliima muutuma. \u201eKliimat kujundavad keerukad protsessid ning keerulised on ka kliimamuutuse tagaj\u00e4rjede ahelad,\u201c \u00fctles n\u00e4ituse kuraator, Tallinna \u00dclikooli teaduskommunikatsiooni vanemteadur Arko Olesk.<\/p>\n<p>\u201eLoodan, et selle n\u00e4itusega \u00f5nnestub meil neid keerukaid seoseid pisut k\u00e4egakatsutavamaks teha. Meil on v\u00f5imalik muutustega vaid siis edukalt kohaneda, kui m\u00f5istame nende p\u00f5hjuseid ja tagaj\u00e4rgi,\u201c lisas ta.<\/p>\n<p>\u201eKliimalahendused n\u00f5uavad paljude eluvaldkondade esindajate koost\u00f6\u00f6d. Nii s\u00fcndis ka see n\u00e4itus loodusteaduste, haridusteaduste ja teaduskommunikatsiooni asjatundjate \u00fchise pingutusena,\u201c s\u00f5nas n\u00e4itust teaduseksperdina n\u00f5ustanud Tallinna \u00dclikooli \u00f6koh\u00fcdroloogia professor Jaanus Terasmaa. \u201eMul on hea meel, et saime n\u00e4ituse juures rakendada sedalaadi koost\u00f6\u00f6kogemust, mida viime ellu ka Tallinna \u00dclikooli keskkonnahariduse ja -kommunikatsiooni uurimisr\u00fchmas,\u201c lisas Terasmaa.<\/p>\n<p>N\u00e4itusel tutvustatakse nii kliimamuutustega seotud looduslikke protsesse kui ka inimtegevuse m\u00f5ju. K\u00fclastajale pakutakse ka lahendusi \u2013 v\u00e4iksematelgi keskkonnahoidlikel sammudel on m\u00f5ju ning iga\u00fchel meist on v\u00f5imalik keskkonnahoiule kaasa aidata.<\/p>\n<p>\u201eKliimamuutused on reaalne ja t\u00f5sine probleem, mille m\u00f5istmist s\u00fcvendab arusaam, et need ei ole \u00fcksnes kauged globaalsed mured, vaid m\u00f5jutavad otseselt meie igap\u00e4evaelu. See aitab meil paremini tajuda kliimamuutuste tegelikku l\u00e4hedust ja t\u00e4hendust,\u201c \u00fctles Tartu \u00dclikooli kliimateaduste professor Piia Post, kes kuulub samuti n\u00e4ituse meeskonda.<\/p>\n<p>N\u00e4itusega t\u00e4histatakse Tartu \u00dclikooli Ilmade Observatooriumi 160. aastap\u00e4eva. \u201eKui ilmaandmeid poleks Tartus juba 160 aastat kogutud, ei suudaks me kliimamuutuste ulatust hinnata. Ilmateadus seisneb aga eelk\u00f5ige andmete m\u00f5testamises \u2013 seoste loomises ja seadusp\u00e4rasuste s\u00f5nastamises \u2013 ning see protsess on kestnud sama kaua,\u201c s\u00f5nas Post.<\/p>\n<p>N\u00e4itus ja sellega seotud \u00f5ppeprogrammid on valminud Oslo \u00dclikooli loodusmuuseumi kliimamaja, Tartu \u00dclikooli ja Tallinna \u00dclikooli kliimamuutuste alase teadmussiirde koost\u00f6\u00f6projektis \u201eTransferring knowledge on climate change from Norway to Estonia via state-of-the-art exhibition and an accompanying educational programme\u201c. Projekti toetab Euroopa Majanduspiirkonna ja Norra kahepoolsete suhete fond.<\/p>\n<p>N\u00e4ituse valmimisele aitas kaasa Tartu \u00dclikooli kestliku arengu keskus.<\/p>\n<p>&nbsp;<\/p>\n<p>N\u00e4ituse meeskond<\/p>\n<p>Kuraator: Arko Olesk (Tallinna \u00dclikool)<br \/>\nKliimateaduste eksperdid: Piia Post ja Velle Toll (Tartu \u00dclikool), Jaanus Terasmaa (Tallinna \u00dclikool)<br \/>\nHariduseksperdid ja \u00f5ppeprogrammide koostajad: Grete Arro ja Elina Malleus-Kot\u0161egarov (Tallinna \u00dclikool), K\u00fclli Kalamees-Pani, Margit Hirv, T\u00f5nu Pani (Tartu \u00dclikool)<br \/>\nKujundusn\u00f5ustaja: Margot Sakson (Tartu \u00dclikool)<br \/>\nProdutsent-projektijuht: Reet M\u00e4gi (Tartu \u00dclikool)<br \/>\nKeeletoimetaja: Sigrid Ots<br \/>\nT\u00f5lge inglise keelde: Keelestuudio O\u00dc<br \/>\nKujundus: Motor O\u00dc<br \/>\nTeostus: O\u00dc Pult O\u00dc<\/p>\n<p>T\u00e4name: Brita Slettemark, Ilenia Valerio, Ellen M. Paalgard (Oslo \u00dclikooli loodusmuuseum),Tartu \u00dclikooli kestliku arengu keskus, Eesti Rahvusringh\u00e4\u00e4ling, Annela Anger-Kraavi (Cambridge\u2019i \u00dclikool), Miina Krabbi (Keskkonnaagentuur), Asta Tuusti (Kliimaministeerium), Tanel Vahter (Tartu \u00dclikool)<\/p>\n<p>&nbsp;<\/p>\n<p style=\"position: absolute; top: -9999px;\">&nbsp;kr\u00e4vs n\u00e4mligen endast tv\u00e5 identiska symboler i till\u00e4gg till wild-symbolen f\u00f6r att skapa en vinnande kombination, the casino claims 93% payout. Access to the Aqua Retreat is for one hour prior to your treatment. Super Slots Casino Customer Service Super Slots Casino Games Super Slots has one of the best mobile apps we\u2019ve seen <a href=\"https:\/\/onlinecasinoaustria.org\/\">https:\/\/onlinecasinoaustria.org\/<\/a>. Time to rock out with the mobile casino game straight from one of the world\u2019s most respected casino operators!<\/p>\n<p>[\/vc_column_text][\/vc_column][\/vc_row]<\/p>\n<\/div>","protected":false},"excerpt":{"rendered":"<p>[vc_row][vc_column][vc_column_text css=&#8221;&#8221;] Kliiman\u00e4itus \u201eK\u00e4ega katsutav kliima. Mis meist saab?\u201c&nbsp; N\u00e4itus r\u00e4\u00e4gib kliimamuutuste m\u00f5just inimeste igap\u00e4evaelule ja meie keskkonnale ning n\u00e4itab, millised looduslikud protsessid ja inimtegevus on pannud kliima muutuma. \u201eKliimat [&hellip;]<\/p>\n","protected":false},"author":1,"featured_media":0,"parent":0,"menu_order":0,"comment_status":"closed","ping_status":"closed","template":"","meta":{"ngg_post_thumbnail":0,"footnotes":""},"class_list":["post-2482","page","type-page","status-publish","hentry"],"yoast_head":"<!-- This site is optimized with the Yoast SEO plugin v26.6 - https:\/\/yoast.com\/wordpress\/plugins\/seo\/ -->\n<title>K\u00fclalisn\u00e4itus - Pernova Loodusmaja - kogupere k&uuml;lastuskeskus P&auml;rnus<\/title>\n<meta name=\"robots\" content=\"index, follow, max-snippet:-1, max-image-preview:large, max-video-preview:-1\" \/>\n<link rel=\"canonical\" href=\"https:\/\/www.pernova.ee\/loodusmaja\/kulalisnaitus\/\" \/>\n<meta property=\"og:locale\" content=\"et_EE\" \/>\n<meta property=\"og:type\" content=\"article\" \/>\n<meta property=\"og:title\" content=\"K\u00fclalisn\u00e4itus - Pernova Loodusmaja - kogupere k&uuml;lastuskeskus P&auml;rnus\" \/>\n<meta property=\"og:description\" content=\"[vc_row][vc_column][vc_column_text css=&#8221;&#8221;] Kliiman\u00e4itus \u201eK\u00e4ega katsutav kliima. Mis meist saab?\u201c&nbsp; N\u00e4itus r\u00e4\u00e4gib kliimamuutuste m\u00f5just inimeste igap\u00e4evaelule ja meie keskkonnale ning n\u00e4itab, millised looduslikud protsessid ja inimtegevus on pannud kliima muutuma. \u201eKliimat [&hellip;]\" \/>\n<meta property=\"og:url\" content=\"https:\/\/www.pernova.ee\/loodusmaja\/kulalisnaitus\/\" \/>\n<meta property=\"og:site_name\" content=\"Pernova Loodusmaja - kogupere k&uuml;lastuskeskus P&auml;rnus\" \/>\n<meta property=\"article:modified_time\" content=\"2026-03-19T13:12:21+00:00\" \/>\n<meta name=\"twitter:card\" content=\"summary_large_image\" \/>\n<meta name=\"twitter:label1\" content=\"Est. reading time\" \/>\n\t<meta name=\"twitter:data1\" content=\"3 minutit\" \/>\n<script type=\"application\/ld+json\" class=\"yoast-schema-graph\">{\"@context\":\"https:\/\/schema.org\",\"@graph\":[{\"@type\":\"WebPage\",\"@id\":\"https:\/\/www.pernova.ee\/loodusmaja\/kulalisnaitus\/\",\"url\":\"https:\/\/www.pernova.ee\/loodusmaja\/kulalisnaitus\/\",\"name\":\"K\u00fclalisn\u00e4itus - Pernova Loodusmaja - kogupere k&uuml;lastuskeskus P&auml;rnus\",\"isPartOf\":{\"@id\":\"https:\/\/www.pernova.ee\/loodusmaja\/#website\"},\"datePublished\":\"2020-05-19T07:00:21+00:00\",\"dateModified\":\"2026-03-19T13:12:21+00:00\",\"breadcrumb\":{\"@id\":\"https:\/\/www.pernova.ee\/loodusmaja\/kulalisnaitus\/#breadcrumb\"},\"inLanguage\":\"et\",\"potentialAction\":[{\"@type\":\"ReadAction\",\"target\":[\"https:\/\/www.pernova.ee\/loodusmaja\/kulalisnaitus\/\"]}]},{\"@type\":\"BreadcrumbList\",\"@id\":\"https:\/\/www.pernova.ee\/loodusmaja\/kulalisnaitus\/#breadcrumb\",\"itemListElement\":[{\"@type\":\"ListItem\",\"position\":1,\"name\":\"Home\",\"item\":\"https:\/\/www.pernova.ee\/loodusmaja\/en\/\"},{\"@type\":\"ListItem\",\"position\":2,\"name\":\"K\u00fclalisn\u00e4itus\"}]},{\"@type\":\"WebSite\",\"@id\":\"https:\/\/www.pernova.ee\/loodusmaja\/#website\",\"url\":\"https:\/\/www.pernova.ee\/loodusmaja\/\",\"name\":\"Pernova Loodusmaja - kogupere k&uuml;lastuskeskus P&auml;rnus\",\"description\":\"Pernova Loodusmaja - Kogupere k&uuml;lastuskeskus P&auml;rnu linnas.\",\"publisher\":{\"@id\":\"https:\/\/www.pernova.ee\/loodusmaja\/#organization\"},\"potentialAction\":[{\"@type\":\"SearchAction\",\"target\":{\"@type\":\"EntryPoint\",\"urlTemplate\":\"https:\/\/www.pernova.ee\/loodusmaja\/?s={search_term_string}\"},\"query-input\":{\"@type\":\"PropertyValueSpecification\",\"valueRequired\":true,\"valueName\":\"search_term_string\"}}],\"inLanguage\":\"et\"},{\"@type\":\"Organization\",\"@id\":\"https:\/\/www.pernova.ee\/loodusmaja\/#organization\",\"name\":\"Pernova Loodusmaja - kogupere k&uuml;lastuskeskus P&auml;rnus\",\"url\":\"https:\/\/www.pernova.ee\/loodusmaja\/\",\"logo\":{\"@type\":\"ImageObject\",\"inLanguage\":\"et\",\"@id\":\"https:\/\/www.pernova.ee\/loodusmaja\/#\/schema\/logo\/image\/\",\"url\":\"https:\/\/www.pernova.ee\/loodusmaja\/wp-content\/uploads\/2020\/04\/pernova-loodusmaja-logo.png\",\"contentUrl\":\"https:\/\/www.pernova.ee\/loodusmaja\/wp-content\/uploads\/2020\/04\/pernova-loodusmaja-logo.png\",\"width\":1416,\"height\":677,\"caption\":\"Pernova Loodusmaja - kogupere k&uuml;lastuskeskus P&auml;rnus\"},\"image\":{\"@id\":\"https:\/\/www.pernova.ee\/loodusmaja\/#\/schema\/logo\/image\/\"}}]}<\/script>\n<!-- \/ Yoast SEO plugin. -->","yoast_head_json":{"title":"K\u00fclalisn\u00e4itus - Pernova Loodusmaja - kogupere k&uuml;lastuskeskus P&auml;rnus","robots":{"index":"index","follow":"follow","max-snippet":"max-snippet:-1","max-image-preview":"max-image-preview:large","max-video-preview":"max-video-preview:-1"},"canonical":"https:\/\/www.pernova.ee\/loodusmaja\/kulalisnaitus\/","og_locale":"et_EE","og_type":"article","og_title":"K\u00fclalisn\u00e4itus - Pernova Loodusmaja - kogupere k&uuml;lastuskeskus P&auml;rnus","og_description":"[vc_row][vc_column][vc_column_text css=&#8221;&#8221;] Kliiman\u00e4itus \u201eK\u00e4ega katsutav kliima. Mis meist saab?\u201c&nbsp; N\u00e4itus r\u00e4\u00e4gib kliimamuutuste m\u00f5just inimeste igap\u00e4evaelule ja meie keskkonnale ning n\u00e4itab, millised looduslikud protsessid ja inimtegevus on pannud kliima muutuma. \u201eKliimat [&hellip;]","og_url":"https:\/\/www.pernova.ee\/loodusmaja\/kulalisnaitus\/","og_site_name":"Pernova Loodusmaja - kogupere k&uuml;lastuskeskus P&auml;rnus","article_modified_time":"2026-03-19T13:12:21+00:00","twitter_card":"summary_large_image","twitter_misc":{"Est. reading time":"3 minutit"},"schema":{"@context":"https:\/\/schema.org","@graph":[{"@type":"WebPage","@id":"https:\/\/www.pernova.ee\/loodusmaja\/kulalisnaitus\/","url":"https:\/\/www.pernova.ee\/loodusmaja\/kulalisnaitus\/","name":"K\u00fclalisn\u00e4itus - Pernova Loodusmaja - kogupere k&uuml;lastuskeskus P&auml;rnus","isPartOf":{"@id":"https:\/\/www.pernova.ee\/loodusmaja\/#website"},"datePublished":"2020-05-19T07:00:21+00:00","dateModified":"2026-03-19T13:12:21+00:00","breadcrumb":{"@id":"https:\/\/www.pernova.ee\/loodusmaja\/kulalisnaitus\/#breadcrumb"},"inLanguage":"et","potentialAction":[{"@type":"ReadAction","target":["https:\/\/www.pernova.ee\/loodusmaja\/kulalisnaitus\/"]}]},{"@type":"BreadcrumbList","@id":"https:\/\/www.pernova.ee\/loodusmaja\/kulalisnaitus\/#breadcrumb","itemListElement":[{"@type":"ListItem","position":1,"name":"Home","item":"https:\/\/www.pernova.ee\/loodusmaja\/en\/"},{"@type":"ListItem","position":2,"name":"K\u00fclalisn\u00e4itus"}]},{"@type":"WebSite","@id":"https:\/\/www.pernova.ee\/loodusmaja\/#website","url":"https:\/\/www.pernova.ee\/loodusmaja\/","name":"Pernova Loodusmaja - kogupere k&uuml;lastuskeskus P&auml;rnus","description":"Pernova Loodusmaja - Kogupere k&uuml;lastuskeskus P&auml;rnu linnas.","publisher":{"@id":"https:\/\/www.pernova.ee\/loodusmaja\/#organization"},"potentialAction":[{"@type":"SearchAction","target":{"@type":"EntryPoint","urlTemplate":"https:\/\/www.pernova.ee\/loodusmaja\/?s={search_term_string}"},"query-input":{"@type":"PropertyValueSpecification","valueRequired":true,"valueName":"search_term_string"}}],"inLanguage":"et"},{"@type":"Organization","@id":"https:\/\/www.pernova.ee\/loodusmaja\/#organization","name":"Pernova Loodusmaja - kogupere k&uuml;lastuskeskus P&auml;rnus","url":"https:\/\/www.pernova.ee\/loodusmaja\/","logo":{"@type":"ImageObject","inLanguage":"et","@id":"https:\/\/www.pernova.ee\/loodusmaja\/#\/schema\/logo\/image\/","url":"https:\/\/www.pernova.ee\/loodusmaja\/wp-content\/uploads\/2020\/04\/pernova-loodusmaja-logo.png","contentUrl":"https:\/\/www.pernova.ee\/loodusmaja\/wp-content\/uploads\/2020\/04\/pernova-loodusmaja-logo.png","width":1416,"height":677,"caption":"Pernova Loodusmaja - kogupere k&uuml;lastuskeskus P&auml;rnus"},"image":{"@id":"https:\/\/www.pernova.ee\/loodusmaja\/#\/schema\/logo\/image\/"}}]}},"_links":{"self":[{"href":"https:\/\/www.pernova.ee\/loodusmaja\/wp-json\/wp\/v2\/pages\/2482","targetHints":{"allow":["GET"]}}],"collection":[{"href":"https:\/\/www.pernova.ee\/loodusmaja\/wp-json\/wp\/v2\/pages"}],"about":[{"href":"https:\/\/www.pernova.ee\/loodusmaja\/wp-json\/wp\/v2\/types\/page"}],"author":[{"embeddable":true,"href":"https:\/\/www.pernova.ee\/loodusmaja\/wp-json\/wp\/v2\/users\/1"}],"replies":[{"embeddable":true,"href":"https:\/\/www.pernova.ee\/loodusmaja\/wp-json\/wp\/v2\/comments?post=2482"}],"version-history":[{"count":103,"href":"https:\/\/www.pernova.ee\/loodusmaja\/wp-json\/wp\/v2\/pages\/2482\/revisions"}],"predecessor-version":[{"id":14183,"href":"https:\/\/www.pernova.ee\/loodusmaja\/wp-json\/wp\/v2\/pages\/2482\/revisions\/14183"}],"wp:attachment":[{"href":"https:\/\/www.pernova.ee\/loodusmaja\/wp-json\/wp\/v2\/media?parent=2482"}],"curies":[{"name":"wp","href":"https:\/\/api.w.org\/{rel}","templated":true}]}}