{"id":4546,"date":"2021-02-02T13:40:58","date_gmt":"2021-02-02T11:40:58","guid":{"rendered":"https:\/\/www.pernova.ee\/loodusmaja\/?page_id=4546"},"modified":"2021-02-02T13:40:58","modified_gmt":"2021-02-02T11:40:58","slug":"naitus-jutud-eesti-kaladest-ja-kaluritest","status":"publish","type":"page","link":"https:\/\/www.pernova.ee\/loodusmaja\/naitus-jutud-eesti-kaladest-ja-kaluritest\/","title":{"rendered":"N\u00e4itus &#8220;Jutud Eesti kaladest ja kaluritest&#8221;."},"content":{"rendered":"<h4>Kalanduse teabekeskus ja Pernova Loodusmaja kutsuvad interaktiivsele koguperen\u00e4itusele &#8220;Jutud Eesti kaladest ja kaluritest&#8221;.<\/h4>\n<p>N\u00e4itus on avatud 5. veebruarist\u201317. aprillini 2021 P\u00e4rnu Pernova Loodusmajas.<\/p>\n<p>Oled oodatud koguperen\u00e4itusele, kus \u00a0Saarmas Sauli juhendamisel saab koguda uusi huvitavaid \u00a0teadmisi meie kaladest, kalap\u00fc\u00fcgist ja kaluritest.<\/p>\n<p>V\u00f5ta kaasa nutitelefon ning pane enda teadmised proovile osavus- ja nuputamism\u00e4ngudes \u2013 meie m\u00e4ngus on k\u00f5ik v\u00f5itjad!<\/p>\n<p>Keskuse ekraanil v\u00f5imalus vaadata Eesti kalandust ja kalurikutset\u00a0 tutvustavaid l\u00fchifilme.<\/p>\n<p><img fetchpriority=\"high\" decoding=\"async\" class=\"aligncenter  wp-image-4547\" src=\"https:\/\/www.pernova.ee\/loodusmaja\/wp-content\/uploads\/2021\/02\/Jutud-Eesti-kaladest-ja-kaluritest-300x292.png\" alt=\"\" width=\"599\" height=\"583\" \/><\/p>\n","protected":false},"excerpt":{"rendered":"<p>Kalanduse teabekeskus ja Pernova Loodusmaja kutsuvad interaktiivsele koguperen\u00e4itusele &#8220;Jutud Eesti kaladest ja kaluritest&#8221;. N\u00e4itus on avatud 5. veebruarist\u201317. aprillini 2021 P\u00e4rnu Pernova Loodusmajas. Oled oodatud koguperen\u00e4itusele, kus \u00a0Saarmas Sauli juhendamisel [&hellip;]<\/p>\n","protected":false},"author":1,"featured_media":0,"parent":0,"menu_order":0,"comment_status":"closed","ping_status":"closed","template":"","meta":{"ngg_post_thumbnail":0,"footnotes":""},"class_list":["post-4546","page","type-page","status-publish","hentry"],"yoast_head":"<!-- This site is optimized with the Yoast SEO plugin v26.6 - https:\/\/yoast.com\/wordpress\/plugins\/seo\/ -->\n<title>N\u00e4itus &quot;Jutud Eesti kaladest ja kaluritest&quot;. - Pernova Loodusmaja - kogupere k&uuml;lastuskeskus P&auml;rnus<\/title>\n<meta name=\"robots\" content=\"index, follow, max-snippet:-1, max-image-preview:large, max-video-preview:-1\" \/>\n<link rel=\"canonical\" href=\"https:\/\/www.pernova.ee\/loodusmaja\/naitus-jutud-eesti-kaladest-ja-kaluritest\/\" \/>\n<meta property=\"og:locale\" content=\"et_EE\" \/>\n<meta property=\"og:type\" content=\"article\" \/>\n<meta property=\"og:title\" content=\"N\u00e4itus &quot;Jutud Eesti kaladest ja kaluritest&quot;. - Pernova Loodusmaja - kogupere k&uuml;lastuskeskus P&auml;rnus\" \/>\n<meta property=\"og:description\" content=\"Kalanduse teabekeskus ja Pernova Loodusmaja kutsuvad interaktiivsele koguperen\u00e4itusele &#8220;Jutud Eesti kaladest ja kaluritest&#8221;. N\u00e4itus on avatud 5. veebruarist\u201317. aprillini 2021 P\u00e4rnu Pernova Loodusmajas. Oled oodatud koguperen\u00e4itusele, kus \u00a0Saarmas Sauli juhendamisel [&hellip;]\" \/>\n<meta property=\"og:url\" content=\"https:\/\/www.pernova.ee\/loodusmaja\/naitus-jutud-eesti-kaladest-ja-kaluritest\/\" \/>\n<meta property=\"og:site_name\" content=\"Pernova Loodusmaja - kogupere k&uuml;lastuskeskus P&auml;rnus\" \/>\n<meta property=\"og:image\" content=\"https:\/\/www.pernova.ee\/loodusmaja\/wp-content\/uploads\/2021\/02\/Jutud-Eesti-kaladest-ja-kaluritest-300x292.png\" \/>\n<meta name=\"twitter:card\" content=\"summary_large_image\" \/>\n<meta name=\"twitter:label1\" content=\"Est. reading time\" \/>\n\t<meta name=\"twitter:data1\" content=\"1 minut\" \/>\n<script type=\"application\/ld+json\" class=\"yoast-schema-graph\">{\"@context\":\"https:\/\/schema.org\",\"@graph\":[{\"@type\":\"WebPage\",\"@id\":\"https:\/\/www.pernova.ee\/loodusmaja\/naitus-jutud-eesti-kaladest-ja-kaluritest\/\",\"url\":\"https:\/\/www.pernova.ee\/loodusmaja\/naitus-jutud-eesti-kaladest-ja-kaluritest\/\",\"name\":\"N\u00e4itus \\\"Jutud Eesti kaladest ja kaluritest\\\". - Pernova Loodusmaja - kogupere k&uuml;lastuskeskus P&auml;rnus\",\"isPartOf\":{\"@id\":\"https:\/\/www.pernova.ee\/loodusmaja\/#website\"},\"primaryImageOfPage\":{\"@id\":\"https:\/\/www.pernova.ee\/loodusmaja\/naitus-jutud-eesti-kaladest-ja-kaluritest\/#primaryimage\"},\"image\":{\"@id\":\"https:\/\/www.pernova.ee\/loodusmaja\/naitus-jutud-eesti-kaladest-ja-kaluritest\/#primaryimage\"},\"thumbnailUrl\":\"https:\/\/www.pernova.ee\/loodusmaja\/wp-content\/uploads\/2021\/02\/Jutud-Eesti-kaladest-ja-kaluritest-300x292.png\",\"datePublished\":\"2021-02-02T11:40:58+00:00\",\"breadcrumb\":{\"@id\":\"https:\/\/www.pernova.ee\/loodusmaja\/naitus-jutud-eesti-kaladest-ja-kaluritest\/#breadcrumb\"},\"inLanguage\":\"et\",\"potentialAction\":[{\"@type\":\"ReadAction\",\"target\":[\"https:\/\/www.pernova.ee\/loodusmaja\/naitus-jutud-eesti-kaladest-ja-kaluritest\/\"]}]},{\"@type\":\"ImageObject\",\"inLanguage\":\"et\",\"@id\":\"https:\/\/www.pernova.ee\/loodusmaja\/naitus-jutud-eesti-kaladest-ja-kaluritest\/#primaryimage\",\"url\":\"https:\/\/www.pernova.ee\/loodusmaja\/wp-content\/uploads\/2021\/02\/Jutud-Eesti-kaladest-ja-kaluritest.png\",\"contentUrl\":\"https:\/\/www.pernova.ee\/loodusmaja\/wp-content\/uploads\/2021\/02\/Jutud-Eesti-kaladest-ja-kaluritest.png\",\"width\":694,\"height\":675},{\"@type\":\"BreadcrumbList\",\"@id\":\"https:\/\/www.pernova.ee\/loodusmaja\/naitus-jutud-eesti-kaladest-ja-kaluritest\/#breadcrumb\",\"itemListElement\":[{\"@type\":\"ListItem\",\"position\":1,\"name\":\"Home\",\"item\":\"https:\/\/www.pernova.ee\/loodusmaja\/en\/\"},{\"@type\":\"ListItem\",\"position\":2,\"name\":\"N\u00e4itus &#8220;Jutud Eesti kaladest ja kaluritest&#8221;.\"}]},{\"@type\":\"WebSite\",\"@id\":\"https:\/\/www.pernova.ee\/loodusmaja\/#website\",\"url\":\"https:\/\/www.pernova.ee\/loodusmaja\/\",\"name\":\"Pernova Loodusmaja - kogupere k&uuml;lastuskeskus P&auml;rnus\",\"description\":\"Pernova Loodusmaja - Kogupere k&uuml;lastuskeskus P&auml;rnu linnas.\",\"publisher\":{\"@id\":\"https:\/\/www.pernova.ee\/loodusmaja\/#organization\"},\"potentialAction\":[{\"@type\":\"SearchAction\",\"target\":{\"@type\":\"EntryPoint\",\"urlTemplate\":\"https:\/\/www.pernova.ee\/loodusmaja\/?s={search_term_string}\"},\"query-input\":{\"@type\":\"PropertyValueSpecification\",\"valueRequired\":true,\"valueName\":\"search_term_string\"}}],\"inLanguage\":\"et\"},{\"@type\":\"Organization\",\"@id\":\"https:\/\/www.pernova.ee\/loodusmaja\/#organization\",\"name\":\"Pernova Loodusmaja - kogupere k&uuml;lastuskeskus P&auml;rnus\",\"url\":\"https:\/\/www.pernova.ee\/loodusmaja\/\",\"logo\":{\"@type\":\"ImageObject\",\"inLanguage\":\"et\",\"@id\":\"https:\/\/www.pernova.ee\/loodusmaja\/#\/schema\/logo\/image\/\",\"url\":\"https:\/\/www.pernova.ee\/loodusmaja\/wp-content\/uploads\/2020\/04\/pernova-loodusmaja-logo.png\",\"contentUrl\":\"https:\/\/www.pernova.ee\/loodusmaja\/wp-content\/uploads\/2020\/04\/pernova-loodusmaja-logo.png\",\"width\":1416,\"height\":677,\"caption\":\"Pernova Loodusmaja - kogupere k&uuml;lastuskeskus P&auml;rnus\"},\"image\":{\"@id\":\"https:\/\/www.pernova.ee\/loodusmaja\/#\/schema\/logo\/image\/\"}}]}<\/script>\n<!-- \/ Yoast SEO plugin. -->","yoast_head_json":{"title":"N\u00e4itus \"Jutud Eesti kaladest ja kaluritest\". - Pernova Loodusmaja - kogupere k&uuml;lastuskeskus P&auml;rnus","robots":{"index":"index","follow":"follow","max-snippet":"max-snippet:-1","max-image-preview":"max-image-preview:large","max-video-preview":"max-video-preview:-1"},"canonical":"https:\/\/www.pernova.ee\/loodusmaja\/naitus-jutud-eesti-kaladest-ja-kaluritest\/","og_locale":"et_EE","og_type":"article","og_title":"N\u00e4itus \"Jutud Eesti kaladest ja kaluritest\". - Pernova Loodusmaja - kogupere k&uuml;lastuskeskus P&auml;rnus","og_description":"Kalanduse teabekeskus ja Pernova Loodusmaja kutsuvad interaktiivsele koguperen\u00e4itusele &#8220;Jutud Eesti kaladest ja kaluritest&#8221;. N\u00e4itus on avatud 5. veebruarist\u201317. aprillini 2021 P\u00e4rnu Pernova Loodusmajas. Oled oodatud koguperen\u00e4itusele, kus \u00a0Saarmas Sauli juhendamisel [&hellip;]","og_url":"https:\/\/www.pernova.ee\/loodusmaja\/naitus-jutud-eesti-kaladest-ja-kaluritest\/","og_site_name":"Pernova Loodusmaja - kogupere k&uuml;lastuskeskus P&auml;rnus","og_image":[{"url":"https:\/\/www.pernova.ee\/loodusmaja\/wp-content\/uploads\/2021\/02\/Jutud-Eesti-kaladest-ja-kaluritest-300x292.png","type":"","width":"","height":""}],"twitter_card":"summary_large_image","twitter_misc":{"Est. reading time":"1 minut"},"schema":{"@context":"https:\/\/schema.org","@graph":[{"@type":"WebPage","@id":"https:\/\/www.pernova.ee\/loodusmaja\/naitus-jutud-eesti-kaladest-ja-kaluritest\/","url":"https:\/\/www.pernova.ee\/loodusmaja\/naitus-jutud-eesti-kaladest-ja-kaluritest\/","name":"N\u00e4itus \"Jutud Eesti kaladest ja kaluritest\". - Pernova Loodusmaja - kogupere k&uuml;lastuskeskus P&auml;rnus","isPartOf":{"@id":"https:\/\/www.pernova.ee\/loodusmaja\/#website"},"primaryImageOfPage":{"@id":"https:\/\/www.pernova.ee\/loodusmaja\/naitus-jutud-eesti-kaladest-ja-kaluritest\/#primaryimage"},"image":{"@id":"https:\/\/www.pernova.ee\/loodusmaja\/naitus-jutud-eesti-kaladest-ja-kaluritest\/#primaryimage"},"thumbnailUrl":"https:\/\/www.pernova.ee\/loodusmaja\/wp-content\/uploads\/2021\/02\/Jutud-Eesti-kaladest-ja-kaluritest-300x292.png","datePublished":"2021-02-02T11:40:58+00:00","breadcrumb":{"@id":"https:\/\/www.pernova.ee\/loodusmaja\/naitus-jutud-eesti-kaladest-ja-kaluritest\/#breadcrumb"},"inLanguage":"et","potentialAction":[{"@type":"ReadAction","target":["https:\/\/www.pernova.ee\/loodusmaja\/naitus-jutud-eesti-kaladest-ja-kaluritest\/"]}]},{"@type":"ImageObject","inLanguage":"et","@id":"https:\/\/www.pernova.ee\/loodusmaja\/naitus-jutud-eesti-kaladest-ja-kaluritest\/#primaryimage","url":"https:\/\/www.pernova.ee\/loodusmaja\/wp-content\/uploads\/2021\/02\/Jutud-Eesti-kaladest-ja-kaluritest.png","contentUrl":"https:\/\/www.pernova.ee\/loodusmaja\/wp-content\/uploads\/2021\/02\/Jutud-Eesti-kaladest-ja-kaluritest.png","width":694,"height":675},{"@type":"BreadcrumbList","@id":"https:\/\/www.pernova.ee\/loodusmaja\/naitus-jutud-eesti-kaladest-ja-kaluritest\/#breadcrumb","itemListElement":[{"@type":"ListItem","position":1,"name":"Home","item":"https:\/\/www.pernova.ee\/loodusmaja\/en\/"},{"@type":"ListItem","position":2,"name":"N\u00e4itus &#8220;Jutud Eesti kaladest ja kaluritest&#8221;."}]},{"@type":"WebSite","@id":"https:\/\/www.pernova.ee\/loodusmaja\/#website","url":"https:\/\/www.pernova.ee\/loodusmaja\/","name":"Pernova Loodusmaja - kogupere k&uuml;lastuskeskus P&auml;rnus","description":"Pernova Loodusmaja - Kogupere k&uuml;lastuskeskus P&auml;rnu linnas.","publisher":{"@id":"https:\/\/www.pernova.ee\/loodusmaja\/#organization"},"potentialAction":[{"@type":"SearchAction","target":{"@type":"EntryPoint","urlTemplate":"https:\/\/www.pernova.ee\/loodusmaja\/?s={search_term_string}"},"query-input":{"@type":"PropertyValueSpecification","valueRequired":true,"valueName":"search_term_string"}}],"inLanguage":"et"},{"@type":"Organization","@id":"https:\/\/www.pernova.ee\/loodusmaja\/#organization","name":"Pernova Loodusmaja - kogupere k&uuml;lastuskeskus P&auml;rnus","url":"https:\/\/www.pernova.ee\/loodusmaja\/","logo":{"@type":"ImageObject","inLanguage":"et","@id":"https:\/\/www.pernova.ee\/loodusmaja\/#\/schema\/logo\/image\/","url":"https:\/\/www.pernova.ee\/loodusmaja\/wp-content\/uploads\/2020\/04\/pernova-loodusmaja-logo.png","contentUrl":"https:\/\/www.pernova.ee\/loodusmaja\/wp-content\/uploads\/2020\/04\/pernova-loodusmaja-logo.png","width":1416,"height":677,"caption":"Pernova Loodusmaja - kogupere k&uuml;lastuskeskus P&auml;rnus"},"image":{"@id":"https:\/\/www.pernova.ee\/loodusmaja\/#\/schema\/logo\/image\/"}}]}},"_links":{"self":[{"href":"https:\/\/www.pernova.ee\/loodusmaja\/wp-json\/wp\/v2\/pages\/4546","targetHints":{"allow":["GET"]}}],"collection":[{"href":"https:\/\/www.pernova.ee\/loodusmaja\/wp-json\/wp\/v2\/pages"}],"about":[{"href":"https:\/\/www.pernova.ee\/loodusmaja\/wp-json\/wp\/v2\/types\/page"}],"author":[{"embeddable":true,"href":"https:\/\/www.pernova.ee\/loodusmaja\/wp-json\/wp\/v2\/users\/1"}],"replies":[{"embeddable":true,"href":"https:\/\/www.pernova.ee\/loodusmaja\/wp-json\/wp\/v2\/comments?post=4546"}],"version-history":[{"count":2,"href":"https:\/\/www.pernova.ee\/loodusmaja\/wp-json\/wp\/v2\/pages\/4546\/revisions"}],"predecessor-version":[{"id":4552,"href":"https:\/\/www.pernova.ee\/loodusmaja\/wp-json\/wp\/v2\/pages\/4546\/revisions\/4552"}],"wp:attachment":[{"href":"https:\/\/www.pernova.ee\/loodusmaja\/wp-json\/wp\/v2\/media?parent=4546"}],"curies":[{"name":"wp","href":"https:\/\/api.w.org\/{rel}","templated":true}]}}