{"id":9649,"date":"2023-02-27T09:32:45","date_gmt":"2023-02-27T07:32:45","guid":{"rendered":"https:\/\/www.pernova.ee\/oppe-2023\/?page_id=9649"},"modified":"2023-02-27T09:39:04","modified_gmt":"2023-02-27T07:39:04","slug":"audiogiid","status":"publish","type":"page","link":"https:\/\/www.pernova.ee\/oppe\/audiogiid\/","title":{"rendered":"Audiogiid"},"content":{"rendered":"\t\t<div data-elementor-type=\"wp-page\" data-elementor-id=\"9649\" class=\"elementor elementor-9649\" data-elementor-post-type=\"page\">\n\t\t\t\t\t\t<section class=\" elementor-section elementor-top-section elementor-element elementor-element-b0d8139 elementor-section-boxed elementor-section-height-default elementor-section-height-default smart-sticky-default\" data-id=\"b0d8139\" data-element_type=\"section\">\r\n\t\t\t\t\t\t\t\t<div class=\"elementor-container elementor-column-gap-default\">\r\n\t\t\t\t\r\n\t\t\t\t\t\t\t\t<div class=\" elementor-column elementor-col-100 elementor-top-column elementor-element elementor-element-276aed5 \" data-id=\"276aed5\" data-element_type=\"column\">\r\n\r\n\t\t\t\t\r\n\t\t\t\t<div class=\"elementor-widget-wrap elementor-element-populated\">\r\n\t\t\t\t\t\t\t\t\t\t\r\n\t\t\t\t\t\t<div class=\"elementor-element elementor-element-f291635 elementor-widget elementor-widget-text-editor\" data-id=\"f291635\" data-element_type=\"widget\" data-widget_type=\"text-editor.default\">\n\t\t\t\t<div class=\"elementor-widget-container\">\n\t\t\t\t\t\t\t<p>Pernova Loodusmaja veebip\u00f5hine audiogiid on isiklikuks teejuhiks lindude, loomade ja taimede maailmas, mille abil saad teada:<\/p>\n<ul>\n<li>milliseid p\u00f5nevaid ja kasulikke taimi v\u00f5ib leida meie talveaia kolmest kliimav\u00f6\u00f6tmest (40 taime)<\/li>\n<li>mille poolest on erilised Eestis enamlevinud metsloomad (20 eksponaati Loomarajal)<\/li>\n<li>mis saladusi peidavad Eesti linnud (20 eksponaati Linnurajal)<\/li>\n<\/ul>\n<p>Vabavaraline audiogiid on saadaval ka lugemisfailide kujul ning seda on v\u00f5imalik kasutada sulle sobival ajal ja tempos ning sobivas kohas \u2013 Pernova Loodusmajas, kodus, koolis v\u00f5i looduses. Audiogiidist saavad osa ka vaegkuuljad, kellele pakume tutvumiseks lugemisfaile.<\/p>\n<p>Audiogiidi saad kuulata ja vaadata Internetis, <a href=\"https:\/\/www.pernova.ee\/loodusmaja\/audiogiid\/\" target=\"_blank\" rel=\"noopener\">Pernova Loodusmaja kodulehel<\/a> oma nutiseadme abil (telefon, tahvel- v\u00f5i s\u00fclearvuti) eesti, vene, inglise ja soome keeles.<\/p>\t\t\t\t\t\t<\/div>\n\t\t\t\t<\/div>\n\t\t\t\t\t\t<\/div>\r\n\t\t\t\t<\/div>\r\n\t\t\t\t\t\t\t\t<\/div>\r\n\t\t\t<\/section>\r\n\t\t\t\t\t<section class=\" elementor-section elementor-top-section elementor-element elementor-element-971447b elementor-section-boxed elementor-section-height-default elementor-section-height-default smart-sticky-default\" data-id=\"971447b\" data-element_type=\"section\">\r\n\t\t\t\t\t\t\t\t<div class=\"elementor-container elementor-column-gap-default\">\r\n\t\t\t\t\r\n\t\t\t\t\t\t\t\t<div class=\" elementor-column elementor-col-33 elementor-top-column elementor-element elementor-element-ef1fe0e \" data-id=\"ef1fe0e\" data-element_type=\"column\">\r\n\r\n\t\t\t\t\r\n\t\t\t\t<div class=\"elementor-widget-wrap elementor-element-populated\">\r\n\t\t\t\t\t\t\t\t\t\t\r\n\t\t\t\t\t\t<div class=\"elementor-element elementor-element-ca192b9 elementor-widget elementor-widget-image\" data-id=\"ca192b9\" data-element_type=\"widget\" data-widget_type=\"image.default\">\n\t\t\t\t<div class=\"elementor-widget-container\">\n\t\t\t\t\t\t\t\t\t\t\t\t\t\t<a href=\"https:\/\/www.pernova.ee\/loodusmaja\/audiogiid\/ekvatoriaalne\/\" target=\"_blank\">\n\t\t\t\t\t\t\t<img fetchpriority=\"high\" decoding=\"async\" width=\"632\" height=\"421\" src=\"https:\/\/www.pernova.ee\/oppe\/wp-content\/uploads\/2021\/03\/A_talveaed.jpg\" class=\"attachment-full size-full wp-image-9218\" alt=\"\" \/>\t\t\t\t\t\t\t\t<\/a>\n\t\t\t\t\t\t\t\t\t\t\t\t\t<\/div>\n\t\t\t\t<\/div>\n\t\t\t\t\t\t<\/div>\r\n\t\t\t\t<\/div>\r\n\t\t\t\t\t\t\t\t\t<div class=\" elementor-column elementor-col-33 elementor-top-column elementor-element elementor-element-91aecf5 \" data-id=\"91aecf5\" data-element_type=\"column\">\r\n\r\n\t\t\t\t\r\n\t\t\t\t<div class=\"elementor-widget-wrap elementor-element-populated\">\r\n\t\t\t\t\t\t\t\t\t\t\r\n\t\t\t\t\t\t<div class=\"elementor-element elementor-element-f7dfd2a elementor-widget elementor-widget-image\" data-id=\"f7dfd2a\" data-element_type=\"widget\" data-widget_type=\"image.default\">\n\t\t\t\t<div class=\"elementor-widget-container\">\n\t\t\t\t\t\t\t\t\t\t\t\t\t\t<a href=\"https:\/\/www.pernova.ee\/loodusmaja\/audiogiid\/linnud\/\" target=\"_blank\">\n\t\t\t\t\t\t\t<img decoding=\"async\" width=\"629\" height=\"420\" src=\"https:\/\/www.pernova.ee\/oppe\/wp-content\/uploads\/2021\/03\/A_linnud.jpg\" class=\"attachment-full size-full wp-image-9219\" alt=\"\" \/>\t\t\t\t\t\t\t\t<\/a>\n\t\t\t\t\t\t\t\t\t\t\t\t\t<\/div>\n\t\t\t\t<\/div>\n\t\t\t\t\t\t<\/div>\r\n\t\t\t\t<\/div>\r\n\t\t\t\t\t\t\t\t\t<div class=\" elementor-column elementor-col-33 elementor-top-column elementor-element elementor-element-96225b2 \" data-id=\"96225b2\" data-element_type=\"column\">\r\n\r\n\t\t\t\t\r\n\t\t\t\t<div class=\"elementor-widget-wrap elementor-element-populated\">\r\n\t\t\t\t\t\t\t\t\t\t\r\n\t\t\t\t\t\t<div class=\"elementor-element elementor-element-b0f37ec elementor-widget elementor-widget-image\" data-id=\"b0f37ec\" data-element_type=\"widget\" data-widget_type=\"image.default\">\n\t\t\t\t<div class=\"elementor-widget-container\">\n\t\t\t\t\t\t\t\t\t\t\t\t\t\t<a href=\"https:\/\/www.pernova.ee\/loodusmaja\/audiogiid\/loomad\/\" target=\"_blank\">\n\t\t\t\t\t\t\t<img decoding=\"async\" width=\"632\" height=\"419\" src=\"https:\/\/www.pernova.ee\/oppe\/wp-content\/uploads\/2021\/03\/A_loomad.jpg\" class=\"attachment-full size-full wp-image-9220\" alt=\"\" \/>\t\t\t\t\t\t\t\t<\/a>\n\t\t\t\t\t\t\t\t\t\t\t\t\t<\/div>\n\t\t\t\t<\/div>\n\t\t\t\t\t\t<\/div>\r\n\t\t\t\t<\/div>\r\n\t\t\t\t\t\t\t\t<\/div>\r\n\t\t\t<\/section>\r\n\t\t\t\t\t<section class=\" elementor-section elementor-top-section elementor-element elementor-element-79ac7ca elementor-section-boxed elementor-section-height-default elementor-section-height-default smart-sticky-default\" data-id=\"79ac7ca\" data-element_type=\"section\">\r\n\t\t\t\t\t\t\t\t<div class=\"elementor-container elementor-column-gap-default\">\r\n\t\t\t\t\r\n\t\t\t\t\t\t\t\t<div class=\" elementor-column elementor-col-100 elementor-top-column elementor-element elementor-element-54d76dc \" data-id=\"54d76dc\" data-element_type=\"column\">\r\n\r\n\t\t\t\t\r\n\t\t\t\t<div class=\"elementor-widget-wrap elementor-element-populated\">\r\n\t\t\t\t\t\t\t\t\t\t\r\n\t\t\t\t\t\t<div class=\"elementor-element elementor-element-3dbccca elementor-widget elementor-widget-text-editor\" data-id=\"3dbccca\" data-element_type=\"widget\" data-widget_type=\"text-editor.default\">\n\t\t\t\t<div class=\"elementor-widget-container\">\n\t\t\t\t\t\t\t<p>Audiogiidi juurde kuuluvad t\u00f6\u00f6lehed, mis sobivad nii \u00fcldhariduskooli loodusainete v\u00f5i keelte \u00f5ppimise toetamiseks kui lihtsalt oma teadmiste kontrollimiseks.<\/p>\t\t\t\t\t\t<\/div>\n\t\t\t\t<\/div>\n\t\t\t\t\t\t<\/div>\r\n\t\t\t\t<\/div>\r\n\t\t\t\t\t\t\t\t<\/div>\r\n\t\t\t<\/section>\r\n\t\t\t\t\t<section class=\" elementor-section elementor-top-section elementor-element elementor-element-2f9bc53 elementor-section-boxed elementor-section-height-default elementor-section-height-default smart-sticky-default\" data-id=\"2f9bc53\" data-element_type=\"section\">\r\n\t\t\t\t\t\t\t\t<div class=\"elementor-container elementor-column-gap-default\">\r\n\t\t\t\t\r\n\t\t\t\t\t\t\t\t<div class=\" elementor-column elementor-col-100 elementor-top-column elementor-element elementor-element-44fc372 \" data-id=\"44fc372\" data-element_type=\"column\">\r\n\r\n\t\t\t\t\r\n\t\t\t\t<div class=\"elementor-widget-wrap elementor-element-populated\">\r\n\t\t\t\t\t\t\t\t\t\t\r\n\t\t\t\t\t\t<div class=\"elementor-element elementor-element-292c3a2 elementor-widget elementor-widget-heading\" data-id=\"292c3a2\" data-element_type=\"widget\" data-widget_type=\"heading.default\">\n\t\t\t\t<div class=\"elementor-widget-container\">\n\t\t\t<h5 class=\"elementor-heading-title elementor-size-default\">T\u00d6\u00d6LEHED \u2013 TALVEAED:<\/h5>\t\t<\/div>\n\t\t\t\t<\/div>\n\t\t\t\t\t\t<\/div>\r\n\t\t\t\t<\/div>\r\n\t\t\t\t\t\t\t\t<\/div>\r\n\t\t\t<\/section>\r\n\t\t\t\t\t<section class=\" elementor-section elementor-top-section elementor-element elementor-element-eaba6e2 elementor-section-boxed elementor-section-height-default elementor-section-height-default smart-sticky-default\" data-id=\"eaba6e2\" data-element_type=\"section\">\r\n\t\t\t\t\t\t\t\t<div class=\"elementor-container elementor-column-gap-default\">\r\n\t\t\t\t\r\n\t\t\t\t\t\t\t\t<div class=\" elementor-column elementor-col-25 elementor-top-column elementor-element elementor-element-4b0a3a4 \" data-id=\"4b0a3a4\" data-element_type=\"column\">\r\n\r\n\t\t\t\t\r\n\t\t\t\t<div class=\"elementor-widget-wrap elementor-element-populated\">\r\n\t\t\t\t\t\t\t\t\t\t\r\n\t\t\t\t\t\t<div class=\"elementor-element elementor-element-c688284 elementor-widget elementor-widget-text-editor\" data-id=\"c688284\" data-element_type=\"widget\" data-widget_type=\"text-editor.default\">\n\t\t\t\t<div class=\"elementor-widget-container\">\n\t\t\t\t\t\t\t<p><img loading=\"lazy\" decoding=\"async\" class=\"alignnone wp-image-2709\" src=\"http:\/\/www.pernova.ee\/oppe\/wp-content\/uploads\/2017\/06\/pdf-150x150.png\" sizes=\"(max-width: 42px) 100vw, 42px\" srcset=\"https:\/\/www.pernova.ee\/oppe\/wp-content\/uploads\/2017\/06\/pdf-150x150.png 150w, https:\/\/www.pernova.ee\/oppe\/wp-content\/uploads\/2017\/06\/pdf.png 256w\" alt=\"\" width=\"42\" height=\"42\" \/> <a href=\"https:\/\/www.pernova.ee\/loodusmaja\/wp-content\/uploads\/2020\/04\/t%c3%b6%c3%b6leht-_EST.pdf\" target=\"_blank\" rel=\"noopener\"><strong>Kontrolli oma teadmisi!<\/strong><\/a> \u00a0<\/p>\t\t\t\t\t\t<\/div>\n\t\t\t\t<\/div>\n\t\t\t\t\t\t<\/div>\r\n\t\t\t\t<\/div>\r\n\t\t\t\t\t\t\t\t\t<div class=\" elementor-column elementor-col-25 elementor-top-column elementor-element elementor-element-289e627 \" data-id=\"289e627\" data-element_type=\"column\">\r\n\r\n\t\t\t\t\r\n\t\t\t\t<div class=\"elementor-widget-wrap elementor-element-populated\">\r\n\t\t\t\t\t\t\t\t\t\t\r\n\t\t\t\t\t\t<div class=\"elementor-element elementor-element-d233ca5 elementor-widget elementor-widget-text-editor\" data-id=\"d233ca5\" data-element_type=\"widget\" data-widget_type=\"text-editor.default\">\n\t\t\t\t<div class=\"elementor-widget-container\">\n\t\t\t\t\t\t\t<p><img loading=\"lazy\" decoding=\"async\" class=\"alignnone wp-image-2709\" src=\"http:\/\/www.pernova.ee\/oppe\/wp-content\/uploads\/2017\/06\/pdf-150x150.png\" sizes=\"(max-width: 42px) 100vw, 42px\" srcset=\"https:\/\/www.pernova.ee\/oppe\/wp-content\/uploads\/2017\/06\/pdf-150x150.png 150w, https:\/\/www.pernova.ee\/oppe\/wp-content\/uploads\/2017\/06\/pdf.png 256w\" alt=\"\" width=\"42\" height=\"42\" \/><a href=\"https:\/\/www.pernova.ee\/loodusmaja\/wp-content\/uploads\/2020\/04\/t%c3%b6%c3%b6leht_algkool.pdf\" target=\"_blank\" rel=\"noopener\"><strong> Algkoolile<\/strong><\/a>\u00a0 \u00a0<\/p>\t\t\t\t\t\t<\/div>\n\t\t\t\t<\/div>\n\t\t\t\t\t\t<\/div>\r\n\t\t\t\t<\/div>\r\n\t\t\t\t\t\t\t\t\t<div class=\" elementor-column elementor-col-25 elementor-top-column elementor-element elementor-element-cb2e7d7 \" data-id=\"cb2e7d7\" data-element_type=\"column\">\r\n\r\n\t\t\t\t\r\n\t\t\t\t<div class=\"elementor-widget-wrap elementor-element-populated\">\r\n\t\t\t\t\t\t\t\t\t\t\r\n\t\t\t\t\t\t<div class=\"elementor-element elementor-element-57396d2 elementor-widget elementor-widget-text-editor\" data-id=\"57396d2\" data-element_type=\"widget\" data-widget_type=\"text-editor.default\">\n\t\t\t\t<div class=\"elementor-widget-container\">\n\t\t\t\t\t\t\t<p><img loading=\"lazy\" decoding=\"async\" class=\"alignnone wp-image-2709\" src=\"http:\/\/www.pernova.ee\/oppe\/wp-content\/uploads\/2017\/06\/pdf-150x150.png\" sizes=\"(max-width: 42px) 100vw, 42px\" srcset=\"https:\/\/www.pernova.ee\/oppe\/wp-content\/uploads\/2017\/06\/pdf-150x150.png 150w, https:\/\/www.pernova.ee\/oppe\/wp-content\/uploads\/2017\/06\/pdf.png 256w\" alt=\"\" width=\"42\" height=\"42\" \/>\u00a0<strong><a href=\"https:\/\/www.pernova.ee\/loodusmaja\/wp-content\/uploads\/2020\/04\/t%c3%b6%c3%b6leht_p%c3%b5hikool.pdf\" target=\"_blank\" rel=\"noopener\">P\u00f5hikoolile<\/a><\/strong>\u00a0 \u00a0 \u00a0 \u00a0<\/p>\t\t\t\t\t\t<\/div>\n\t\t\t\t<\/div>\n\t\t\t\t\t\t<\/div>\r\n\t\t\t\t<\/div>\r\n\t\t\t\t\t\t\t\t\t<div class=\" elementor-column elementor-col-25 elementor-top-column elementor-element elementor-element-4150f52 \" data-id=\"4150f52\" data-element_type=\"column\">\r\n\r\n\t\t\t\t\r\n\t\t\t\t<div class=\"elementor-widget-wrap elementor-element-populated\">\r\n\t\t\t\t\t\t\t\t\t\t\r\n\t\t\t\t\t\t<div class=\"elementor-element elementor-element-4ae500d elementor-widget elementor-widget-text-editor\" data-id=\"4ae500d\" data-element_type=\"widget\" data-widget_type=\"text-editor.default\">\n\t\t\t\t<div class=\"elementor-widget-container\">\n\t\t\t\t\t\t\t<p><img loading=\"lazy\" decoding=\"async\" class=\"alignnone wp-image-2709\" src=\"http:\/\/www.pernova.ee\/oppe\/wp-content\/uploads\/2017\/06\/pdf-150x150.png\" sizes=\"(max-width: 42px) 100vw, 42px\" srcset=\"https:\/\/www.pernova.ee\/oppe\/wp-content\/uploads\/2017\/06\/pdf-150x150.png 150w, https:\/\/www.pernova.ee\/oppe\/wp-content\/uploads\/2017\/06\/pdf.png 256w\" alt=\"\" width=\"42\" height=\"42\" \/> <a href=\"https:\/\/www.pernova.ee\/loodusmaja\/wp-content\/uploads\/2020\/04\/t%c3%b6%c3%b6leht_g%c3%bcmn.pdf\" target=\"_blank\" rel=\"noopener\"><strong>G\u00fcmnaasiumile<\/strong><\/a><\/p>\t\t\t\t\t\t<\/div>\n\t\t\t\t<\/div>\n\t\t\t\t\t\t<\/div>\r\n\t\t\t\t<\/div>\r\n\t\t\t\t\t\t\t\t<\/div>\r\n\t\t\t<\/section>\r\n\t\t\t\t\t<section class=\" elementor-section elementor-top-section elementor-element elementor-element-b5822c1 elementor-section-boxed elementor-section-height-default elementor-section-height-default smart-sticky-default\" data-id=\"b5822c1\" data-element_type=\"section\">\r\n\t\t\t\t\t\t\t\t<div class=\"elementor-container elementor-column-gap-default\">\r\n\t\t\t\t\r\n\t\t\t\t\t\t\t\t<div class=\" elementor-column elementor-col-100 elementor-top-column elementor-element elementor-element-fdfef76 \" data-id=\"fdfef76\" data-element_type=\"column\">\r\n\r\n\t\t\t\t\r\n\t\t\t\t<div class=\"elementor-widget-wrap elementor-element-populated\">\r\n\t\t\t\t\t\t\t\t\t\t\r\n\t\t\t\t\t\t<div class=\"elementor-element elementor-element-493dae2 elementor-widget elementor-widget-heading\" data-id=\"493dae2\" data-element_type=\"widget\" data-widget_type=\"heading.default\">\n\t\t\t\t<div class=\"elementor-widget-container\">\n\t\t\t<h5 class=\"elementor-heading-title elementor-size-default\">T\u00d6\u00d6LEHED \u2013 LINNUD:<\/h5>\t\t<\/div>\n\t\t\t\t<\/div>\n\t\t\t\t\t\t<\/div>\r\n\t\t\t\t<\/div>\r\n\t\t\t\t\t\t\t\t<\/div>\r\n\t\t\t<\/section>\r\n\t\t\t\t\t<section class=\" elementor-section elementor-top-section elementor-element elementor-element-4c2a9a8 elementor-section-boxed elementor-section-height-default elementor-section-height-default smart-sticky-default\" data-id=\"4c2a9a8\" data-element_type=\"section\">\r\n\t\t\t\t\t\t\t\t<div class=\"elementor-container elementor-column-gap-default\">\r\n\t\t\t\t\r\n\t\t\t\t\t\t\t\t<div class=\" elementor-column elementor-col-25 elementor-top-column elementor-element elementor-element-0b21d6c \" data-id=\"0b21d6c\" data-element_type=\"column\">\r\n\r\n\t\t\t\t\r\n\t\t\t\t<div class=\"elementor-widget-wrap elementor-element-populated\">\r\n\t\t\t\t\t\t\t\t\t\t\r\n\t\t\t\t\t\t<div class=\"elementor-element elementor-element-fe1a6c5 elementor-widget elementor-widget-text-editor\" data-id=\"fe1a6c5\" data-element_type=\"widget\" data-widget_type=\"text-editor.default\">\n\t\t\t\t<div class=\"elementor-widget-container\">\n\t\t\t\t\t\t\t<p><img loading=\"lazy\" decoding=\"async\" class=\"alignnone wp-image-2709\" src=\"http:\/\/www.pernova.ee\/oppe\/wp-content\/uploads\/2017\/06\/pdf-150x150.png\" sizes=\"(max-width: 42px) 100vw, 42px\" srcset=\"https:\/\/www.pernova.ee\/oppe\/wp-content\/uploads\/2017\/06\/pdf-150x150.png 150w, https:\/\/www.pernova.ee\/oppe\/wp-content\/uploads\/2017\/06\/pdf.png 256w\" alt=\"\" width=\"42\" height=\"42\" \/> <a href=\"https:\/\/www.pernova.ee\/loodusmaja\/wp-content\/uploads\/2021\/02\/tooleht-_EST_linnud.pdf\" target=\"_blank\" rel=\"noopener\"><strong>Kontrolli oma teadmisi!<\/strong><\/a><\/p>\t\t\t\t\t\t<\/div>\n\t\t\t\t<\/div>\n\t\t\t\t\t\t<\/div>\r\n\t\t\t\t<\/div>\r\n\t\t\t\t\t\t\t\t\t<div class=\" elementor-column elementor-col-25 elementor-top-column elementor-element elementor-element-368d232 \" data-id=\"368d232\" data-element_type=\"column\">\r\n\r\n\t\t\t\t\r\n\t\t\t\t<div class=\"elementor-widget-wrap\">\r\n\t\t\t\t\t\t\t\t\t\t\r\n\t\t\t\t\t\t\t\t<\/div>\r\n\t\t\t\t<\/div>\r\n\t\t\t\t\t\t\t\t\t<div class=\" elementor-column elementor-col-25 elementor-top-column elementor-element elementor-element-d91178a \" data-id=\"d91178a\" data-element_type=\"column\">\r\n\r\n\t\t\t\t\r\n\t\t\t\t<div class=\"elementor-widget-wrap\">\r\n\t\t\t\t\t\t\t\t\t\t\r\n\t\t\t\t\t\t\t\t<\/div>\r\n\t\t\t\t<\/div>\r\n\t\t\t\t\t\t\t\t\t<div class=\" elementor-column elementor-col-25 elementor-top-column elementor-element elementor-element-33ff58e \" data-id=\"33ff58e\" data-element_type=\"column\">\r\n\r\n\t\t\t\t\r\n\t\t\t\t<div class=\"elementor-widget-wrap\">\r\n\t\t\t\t\t\t\t\t\t\t\r\n\t\t\t\t\t\t\t\t<\/div>\r\n\t\t\t\t<\/div>\r\n\t\t\t\t\t\t\t\t<\/div>\r\n\t\t\t<\/section>\r\n\t\t\t\t\t<section class=\" elementor-section elementor-top-section elementor-element elementor-element-89f564d elementor-section-boxed elementor-section-height-default elementor-section-height-default smart-sticky-default\" data-id=\"89f564d\" data-element_type=\"section\">\r\n\t\t\t\t\t\t\t\t<div class=\"elementor-container elementor-column-gap-default\">\r\n\t\t\t\t\r\n\t\t\t\t\t\t\t\t<div class=\" elementor-column elementor-col-100 elementor-top-column elementor-element elementor-element-d88b747 \" data-id=\"d88b747\" data-element_type=\"column\">\r\n\r\n\t\t\t\t\r\n\t\t\t\t<div class=\"elementor-widget-wrap elementor-element-populated\">\r\n\t\t\t\t\t\t\t\t\t\t\r\n\t\t\t\t\t\t<div class=\"elementor-element elementor-element-df2aa33 elementor-widget elementor-widget-heading\" data-id=\"df2aa33\" data-element_type=\"widget\" data-widget_type=\"heading.default\">\n\t\t\t\t<div class=\"elementor-widget-container\">\n\t\t\t<h5 class=\"elementor-heading-title elementor-size-default\">T\u00d6\u00d6LEHED \u2013 LOOMAD:<\/h5>\t\t<\/div>\n\t\t\t\t<\/div>\n\t\t\t\t\t\t<\/div>\r\n\t\t\t\t<\/div>\r\n\t\t\t\t\t\t\t\t<\/div>\r\n\t\t\t<\/section>\r\n\t\t\t\t\t<section class=\" elementor-section elementor-top-section elementor-element elementor-element-13b5701 elementor-section-boxed elementor-section-height-default elementor-section-height-default smart-sticky-default\" data-id=\"13b5701\" data-element_type=\"section\">\r\n\t\t\t\t\t\t\t\t<div class=\"elementor-container elementor-column-gap-default\">\r\n\t\t\t\t\r\n\t\t\t\t\t\t\t\t<div class=\" elementor-column elementor-col-25 elementor-top-column elementor-element elementor-element-2b6430d \" data-id=\"2b6430d\" data-element_type=\"column\">\r\n\r\n\t\t\t\t\r\n\t\t\t\t<div class=\"elementor-widget-wrap elementor-element-populated\">\r\n\t\t\t\t\t\t\t\t\t\t\r\n\t\t\t\t\t\t<div class=\"elementor-element elementor-element-661ea43 elementor-widget elementor-widget-text-editor\" data-id=\"661ea43\" data-element_type=\"widget\" data-widget_type=\"text-editor.default\">\n\t\t\t\t<div class=\"elementor-widget-container\">\n\t\t\t\t\t\t\t<p><img loading=\"lazy\" decoding=\"async\" class=\"alignnone wp-image-2709\" src=\"http:\/\/www.pernova.ee\/oppe\/wp-content\/uploads\/2017\/06\/pdf-150x150.png\" sizes=\"(max-width: 42px) 100vw, 42px\" srcset=\"https:\/\/www.pernova.ee\/oppe\/wp-content\/uploads\/2017\/06\/pdf-150x150.png 150w, https:\/\/www.pernova.ee\/oppe\/wp-content\/uploads\/2017\/06\/pdf.png 256w\" alt=\"\" width=\"42\" height=\"42\" \/> <a href=\"https:\/\/www.pernova.ee\/loodusmaja\/wp-content\/uploads\/2021\/02\/tooleht-_EST_loomad.pdf\" target=\"_blank\" rel=\"noopener\"><strong>Kontrolli oma teadmisi!<\/strong><\/a><\/p>\t\t\t\t\t\t<\/div>\n\t\t\t\t<\/div>\n\t\t\t\t\t\t<\/div>\r\n\t\t\t\t<\/div>\r\n\t\t\t\t\t\t\t\t\t<div class=\" elementor-column elementor-col-25 elementor-top-column elementor-element elementor-element-b5c9fbf \" data-id=\"b5c9fbf\" data-element_type=\"column\">\r\n\r\n\t\t\t\t\r\n\t\t\t\t<div class=\"elementor-widget-wrap\">\r\n\t\t\t\t\t\t\t\t\t\t\r\n\t\t\t\t\t\t\t\t<\/div>\r\n\t\t\t\t<\/div>\r\n\t\t\t\t\t\t\t\t\t<div class=\" elementor-column elementor-col-25 elementor-top-column elementor-element elementor-element-22407f7 \" data-id=\"22407f7\" data-element_type=\"column\">\r\n\r\n\t\t\t\t\r\n\t\t\t\t<div class=\"elementor-widget-wrap\">\r\n\t\t\t\t\t\t\t\t\t\t\r\n\t\t\t\t\t\t\t\t<\/div>\r\n\t\t\t\t<\/div>\r\n\t\t\t\t\t\t\t\t\t<div class=\" elementor-column elementor-col-25 elementor-top-column elementor-element elementor-element-6976537 \" data-id=\"6976537\" data-element_type=\"column\">\r\n\r\n\t\t\t\t\r\n\t\t\t\t<div class=\"elementor-widget-wrap\">\r\n\t\t\t\t\t\t\t\t\t\t\r\n\t\t\t\t\t\t\t\t<\/div>\r\n\t\t\t\t<\/div>\r\n\t\t\t\t\t\t\t\t<\/div>\r\n\t\t\t<\/section>\r\n\t\t\t\t\t<\/div>\n\t\t","protected":false},"excerpt":{"rendered":"<p>Pernova Loodusmaja veebip\u00f5hine audiogiid on isiklikuks teejuhiks lindude, loomade ja taimede maailmas, mille abil saad teada: milliseid p\u00f5nevaid ja kasulikke taimi v\u00f5ib leida meie talveaia kolmest kliimav\u00f6\u00f6tmest (40 taime) mille poolest on erilised Eestis enamlevinud metsloomad (20 eksponaati Loomarajal) mis saladusi peidavad Eesti linnud (20 eksponaati Linnurajal) Vabavaraline audiogiid on saadaval ka lugemisfailide kujul ning [&hellip;]<\/p>\n","protected":false},"author":1,"featured_media":0,"parent":0,"menu_order":0,"comment_status":"closed","ping_status":"closed","template":"","meta":{"footnotes":""},"class_list":["post-9649","page","type-page","status-publish","hentry"],"_links":{"self":[{"href":"https:\/\/www.pernova.ee\/oppe\/wp-json\/wp\/v2\/pages\/9649","targetHints":{"allow":["GET"]}}],"collection":[{"href":"https:\/\/www.pernova.ee\/oppe\/wp-json\/wp\/v2\/pages"}],"about":[{"href":"https:\/\/www.pernova.ee\/oppe\/wp-json\/wp\/v2\/types\/page"}],"author":[{"embeddable":true,"href":"https:\/\/www.pernova.ee\/oppe\/wp-json\/wp\/v2\/users\/1"}],"replies":[{"embeddable":true,"href":"https:\/\/www.pernova.ee\/oppe\/wp-json\/wp\/v2\/comments?post=9649"}],"version-history":[{"count":4,"href":"https:\/\/www.pernova.ee\/oppe\/wp-json\/wp\/v2\/pages\/9649\/revisions"}],"predecessor-version":[{"id":9653,"href":"https:\/\/www.pernova.ee\/oppe\/wp-json\/wp\/v2\/pages\/9649\/revisions\/9653"}],"wp:attachment":[{"href":"https:\/\/www.pernova.ee\/oppe\/wp-json\/wp\/v2\/media?parent=9649"}],"curies":[{"name":"wp","href":"https:\/\/api.w.org\/{rel}","templated":true}]}}