{"id":68,"date":"2023-02-06T22:37:47","date_gmt":"2023-02-06T20:37:47","guid":{"rendered":"http:\/\/www.pernova.ee\/skatepark\/?page_id=68"},"modified":"2025-08-14T10:07:08","modified_gmt":"2025-08-14T08:07:08","slug":"tutvustus","status":"publish","type":"page","link":"https:\/\/www.pernova.ee\/skatepark\/","title":{"rendered":"Tutvustus"},"content":{"rendered":"\t\t<div data-elementor-type=\"wp-page\" data-elementor-id=\"68\" class=\"elementor elementor-68\">\n\t\t\t\t\t\t<section class=\"elementor-section elementor-top-section elementor-element elementor-element-d6d5078 elementor-section-boxed elementor-section-height-default elementor-section-height-default\" data-id=\"d6d5078\" data-element_type=\"section\" data-e-type=\"section\">\n\t\t\t\t\t\t<div class=\"elementor-container elementor-column-gap-default\">\n\t\t\t\t\t<div class=\"elementor-column elementor-col-100 elementor-top-column elementor-element elementor-element-41ce987\" data-id=\"41ce987\" data-element_type=\"column\" data-e-type=\"column\">\n\t\t\t<div class=\"elementor-widget-wrap elementor-element-populated\">\n\t\t\t\t\t\t<div class=\"elementor-element elementor-element-1dc1712 elementor-widget elementor-widget-text-editor\" data-id=\"1dc1712\" data-element_type=\"widget\" data-e-type=\"widget\" data-widget_type=\"text-editor.default\">\n\t\t\t\t<div class=\"elementor-widget-container\">\n\t\t\t\t\t\t\t\t\t<p><\/p><div>\u00a0<\/div><div><div><b>Suvel on v\u00f5imalik kasutada skateparki s\u00fcnnip\u00e4evade pidamiseks. Vaata l\u00e4hemalt pakutavaid <a href=\"https:\/\/www.pernova.ee\/skatepark\/meedia\/\" target=\"_blank\" rel=\"noopener\">pakette!<\/a><\/b><\/div><div><b>T\u00e4iendav info ja broneerimine: tel. 58639012 v\u00f5i <a href=\"mailto:skate@pernova.ee\">skate@pernova.ee<\/a><\/b><\/div><div>\u00a0<\/div><\/div><div>K\u00fclastajatele kehtivad hinnad hinnakirja alusel, piletite hindu vaata <a href=\"http:\/\/www.pernova.ee\/skatepark\/wp-content\/uploads\/2025\/03\/hinnakiri_01.11.2023.pdf\" target=\"_blank\" rel=\"noopener\"><strong>SIIT<\/strong><\/a><\/div><div>\u00a0<\/div><div>Enne rajale minemist tuleb t\u00e4ita \u00e4ra nii lapsevanemal kui t\u00e4iskasvanul Skatepargi kasutamise tingimuste leht ja saata see allkirjastatult <a href=\"mailto:skate@pernova.ee\">skate@pernova.ee<\/a> v\u00f5i paberil administraatori juures.<\/div><div><ul><li>Alla 18-aastase laps\/noor: lapsevanema n\u00f5usolek Skatepargi kasutamiseks, lae alla <a href=\"https:\/\/www.pernova.ee\/huvikool\/wp-content\/uploads\/2022\/02\/Tingimused-lapsevanem.pdf\" target=\"_blank\" rel=\"noopener\"><strong>SIIT<\/strong><\/a><\/li><li>\u00dcle 18-aastane noor\/t\u00e4iskasvanu: Skatepargi kasutamise tingimused, lae alla <a href=\"https:\/\/www.pernova.ee\/huvikool\/wp-content\/uploads\/2022\/02\/Tingimused-taiskasvanud-ule-18.pdf\" target=\"_blank\" rel=\"noopener\"><strong>SIIT<\/strong><\/a><\/li><\/ul><\/div>\t\t\t\t\t\t\t\t<\/div>\n\t\t\t\t<\/div>\n\t\t\t\t\t<\/div>\n\t\t<\/div>\n\t\t\t\t\t<\/div>\n\t\t<\/section>\n\t\t\t\t<section class=\"elementor-section elementor-top-section elementor-element elementor-element-4dfc0a9 elementor-section-boxed elementor-section-height-default elementor-section-height-default\" data-id=\"4dfc0a9\" data-element_type=\"section\" data-e-type=\"section\">\n\t\t\t\t\t\t<div class=\"elementor-container elementor-column-gap-default\">\n\t\t\t\t\t<div class=\"elementor-column elementor-col-100 elementor-top-column elementor-element elementor-element-2f6bad8\" data-id=\"2f6bad8\" data-element_type=\"column\" data-e-type=\"column\">\n\t\t\t<div class=\"elementor-widget-wrap elementor-element-populated\">\n\t\t\t\t\t\t<div class=\"elementor-element elementor-element-a75d70d elementor-widget elementor-widget-text-editor\" data-id=\"a75d70d\" data-element_type=\"widget\" data-e-type=\"widget\" data-widget_type=\"text-editor.default\">\n\t\t\t\t<div class=\"elementor-widget-container\">\n\t\t\t\t\t\t\t\t\t<p>Skatepark on parim koht neile noortele, kellele meeldib kiirus, t\u00e4psus ja vastupidavus.<\/p><p>Endise Raba ujula asemele rajatud siserulapark sai teoks P\u00e4rnu Kaasava Eelarve Rahvah\u00e4\u00e4letuse konkurssi v\u00f5idule ning t\u00e4nu erinevatele sponsoritele.<\/p><p>Alates 14.02 2022 aastast kannab siserulapark uut nime\u00a0\u00a0<strong>Pernova Skatepark<\/strong>\u00a0ja on taas k\u00f5igile avatud.<\/p><p>\u00a0<\/p><h5><strong>\u00a0\u00a0 Meist meedias<\/strong><\/h5><div class=\"page-content\"><div class=\"elementor elementor-174\" data-elementor-type=\"wp-page\" data-elementor-id=\"174\"><section class=\"elementor-section elementor-top-section elementor-element elementor-element-e0ec5ad elementor-section-boxed elementor-section-height-default elementor-section-height-default\" data-id=\"e0ec5ad\" data-element_type=\"section\"><div class=\"elementor-container elementor-column-gap-default\"><div class=\"elementor-column elementor-col-100 elementor-top-column elementor-element elementor-element-e2a0695\" data-id=\"e2a0695\" data-element_type=\"column\"><div class=\"elementor-widget-wrap elementor-element-populated\"><div class=\"elementor-element elementor-element-1f1370f elementor-widget elementor-widget-text-editor\" data-id=\"1f1370f\" data-element_type=\"widget\" data-widget_type=\"text-editor.default\"><div class=\"elementor-widget-container\"><p class=\"article__headline\">13. november 2022 \u2013 <a href=\"https:\/\/parnu.postimees.ee\/7647359\/galerii-parnu-rulapargis-peeti-maha-papside-lahing\" target=\"_blank\" rel=\"noopener\">P\u00e4rnu rulapargis peeti maha papside lahing<\/a><\/p><p class=\"article__headline\">15. veebruar 2022 \u2013 <a href=\"https:\/\/parnu.postimees.ee\/7454894\/galerii-nime-vahetanud-siserulapark-avas-taas-uksed\" target=\"_blank\" rel=\"noopener\">Nime vahetanud siserulapark avas taas uksed<\/a><\/p><p>14. veebruar 2022 \u2013 <a href=\"https:\/\/www.err.ee\/1608500102\/parnu-rulapark-avas-taas-uksed\" target=\"_blank\" rel=\"noopener\">P\u00e4rnu rulapark avas taas uksed<\/a><\/p><\/div><\/div><\/div><\/div><\/div><\/section><\/div><\/div>\t\t\t\t\t\t\t\t<\/div>\n\t\t\t\t<\/div>\n\t\t\t\t\t<\/div>\n\t\t<\/div>\n\t\t\t\t\t<\/div>\n\t\t<\/section>\n\t\t\t\t<section class=\"elementor-section elementor-top-section elementor-element elementor-element-9a45efa elementor-section-boxed elementor-section-height-default elementor-section-height-default\" data-id=\"9a45efa\" data-element_type=\"section\" data-e-type=\"section\">\n\t\t\t\t\t\t<div class=\"elementor-container elementor-column-gap-default\">\n\t\t\t\t\t<div class=\"elementor-column elementor-col-100 elementor-top-column elementor-element elementor-element-b71ea4f\" data-id=\"b71ea4f\" data-element_type=\"column\" data-e-type=\"column\">\n\t\t\t<div class=\"elementor-widget-wrap elementor-element-populated\">\n\t\t\t\t\t\t<div class=\"elementor-element elementor-element-ffada31 elementor-widget elementor-widget-video\" data-id=\"ffada31\" data-element_type=\"widget\" data-e-type=\"widget\" data-settings=\"{&quot;youtube_url&quot;:&quot;https:\\\/\\\/www.youtube.com\\\/watch?v=UgOph3Gbd68&quot;,&quot;yt_privacy&quot;:&quot;yes&quot;,&quot;lazy_load&quot;:&quot;yes&quot;,&quot;video_type&quot;:&quot;youtube&quot;,&quot;controls&quot;:&quot;yes&quot;}\" data-widget_type=\"video.default\">\n\t\t\t\t<div class=\"elementor-widget-container\">\n\t\t\t\t\t\t\t<div class=\"elementor-wrapper elementor-open-inline\">\n\t\t\t<div class=\"elementor-video\"><\/div>\t\t<\/div>\n\t\t\t\t\t\t<\/div>\n\t\t\t\t<\/div>\n\t\t\t\t\t<\/div>\n\t\t<\/div>\n\t\t\t\t\t<\/div>\n\t\t<\/section>\n\t\t\t\t<\/div>\n\t\t","protected":false},"excerpt":{"rendered":"<p>\u00a0Suvel on v\u00f5imalik kasutada skateparki s\u00fcnnip\u00e4evade pidamiseks. Vaata l\u00e4hemalt pakutavaid pakette!T\u00e4iendav info ja broneerimine: tel. 58639012 v\u00f5i skate@pernova.ee\u00a0K\u00fclastajatele kehtivad hinnad hinnakirja alusel, piletite hindu vaata SIIT\u00a0Enne rajale minemist tuleb t\u00e4ita [&hellip;]<\/p>\n","protected":false},"author":1,"featured_media":0,"parent":0,"menu_order":0,"comment_status":"closed","ping_status":"closed","template":"","meta":{"tpgb_global_settings":"","ngg_post_thumbnail":0,"footnotes":""},"class_list":["post-68","page","type-page","status-publish","hentry"],"tpgb_featured_images":null,"tpgb_post_meta_info":{"get_date":"06\/02\/2023","get_modified_date":"14\/08\/2025","author_name":"admin","author_url":"https:\/\/www.pernova.ee\/skatepark\/author\/admin\/","author_email":"it@pernova.ee","author_website":"http:\/\/www.pernova.ee\/skatepark","author_description":"","author_facebook":"","author_twitter":"","author_instagram":"","author_role":["administrator"],"author_firstname":"","author_lastname":"","user_login":"admin","comment_count":0,"post_likes":0,"post_views":0},"tpgb_post_category":[],"_links":{"self":[{"href":"https:\/\/www.pernova.ee\/skatepark\/wp-json\/wp\/v2\/pages\/68","targetHints":{"allow":["GET"]}}],"collection":[{"href":"https:\/\/www.pernova.ee\/skatepark\/wp-json\/wp\/v2\/pages"}],"about":[{"href":"https:\/\/www.pernova.ee\/skatepark\/wp-json\/wp\/v2\/types\/page"}],"author":[{"embeddable":true,"href":"https:\/\/www.pernova.ee\/skatepark\/wp-json\/wp\/v2\/users\/1"}],"replies":[{"embeddable":true,"href":"https:\/\/www.pernova.ee\/skatepark\/wp-json\/wp\/v2\/comments?post=68"}],"version-history":[{"count":119,"href":"https:\/\/www.pernova.ee\/skatepark\/wp-json\/wp\/v2\/pages\/68\/revisions"}],"predecessor-version":[{"id":803,"href":"https:\/\/www.pernova.ee\/skatepark\/wp-json\/wp\/v2\/pages\/68\/revisions\/803"}],"wp:attachment":[{"href":"https:\/\/www.pernova.ee\/skatepark\/wp-json\/wp\/v2\/media?parent=68"}],"curies":[{"name":"wp","href":"https:\/\/api.w.org\/{rel}","templated":true}]}}